CRAN Package Check Results for Package ziphsmm

Last updated on 2022-01-28 00:49:12 CET.

Flavor Version Tinstall Tcheck Ttotal Status Flags
r-devel-linux-x86_64-debian-clang 2.0.6 81.46 75.52 156.98 OK
r-devel-linux-x86_64-debian-gcc 2.0.6 73.53 60.07 133.60 OK
r-devel-linux-x86_64-fedora-clang 2.0.6 210.13 NOTE
r-devel-linux-x86_64-fedora-gcc 2.0.6 197.72 OK
r-devel-windows-x86_64-new-UL 2.0.6 109.00 125.00 234.00 OK
r-devel-windows-x86_64-new-TK 2.0.6 OK
r-patched-linux-x86_64 2.0.6 80.71 70.06 150.77 OK
r-release-linux-x86_64 2.0.6 80.94 70.39 151.33 OK
r-release-macos-arm64 2.0.6 NOTE
r-release-macos-x86_64 2.0.6 NOTE
r-release-windows-ix86+x86_64 2.0.6 188.00 138.00 326.00 OK
r-oldrel-macos-x86_64 2.0.6 NOTE
r-oldrel-windows-ix86+x86_64 2.0.6 189.00 131.00 320.00 OK

Check Details

Version: 2.0.6
Check: installed package size
Result: NOTE
     installed size is 7.9Mb
     sub-directories of 1Mb or more:
     libs 7.5Mb
Flavors: r-devel-linux-x86_64-fedora-clang, r-release-macos-arm64, r-release-macos-x86_64, r-oldrel-macos-x86_64