CRAN Package Check Results for Package zipcodeR

Last updated on 2021-08-03 07:54:49 CEST.

Flavor Version Tinstall Tcheck Ttotal Status Flags
r-devel-linux-x86_64-debian-clang 0.3.1 16.05 141.60 157.65 OK
r-devel-linux-x86_64-debian-gcc 0.3.1 13.92 114.84 128.76 OK
r-devel-linux-x86_64-fedora-clang 0.3.1 213.17 NOTE
r-devel-linux-x86_64-fedora-gcc 0.3.1 192.85 NOTE
r-devel-windows-x86_64 0.3.1 27.00 262.00 289.00 OK
r-devel-windows-x86_64-gcc10-UCRT 0.3.1 NOTE
r-patched-linux-x86_64 0.3.1 16.35 133.20 149.55 OK
r-patched-solaris-x86 0.3.1 321.80 NOTE
r-release-linux-x86_64 0.3.1 18.31 131.66 149.97 OK
r-release-macos-arm64 0.3.1 NOTE
r-release-macos-x86_64 0.3.1 NOTE
r-release-windows-ix86+x86_64 0.3.1 50.00 191.00 241.00 OK
r-oldrel-macos-x86_64 0.3.1 NOTE
r-oldrel-windows-ix86+x86_64 0.3.1 33.00 255.00 288.00 OK

Check Details

Version: 0.3.1
Check: data for non-ASCII characters
Result: NOTE
     Note: found 5 marked UTF-8 strings
Flavors: r-devel-linux-x86_64-fedora-clang, r-devel-linux-x86_64-fedora-gcc, r-devel-windows-x86_64-gcc10-UCRT, r-patched-solaris-x86, r-release-macos-arm64, r-release-macos-x86_64, r-oldrel-macos-x86_64