CRAN Package Check Results for Package zipangu

Last updated on 2022-01-27 12:54:08 CET.

Flavor Version Tinstall Tcheck Ttotal Status Flags
r-devel-linux-x86_64-debian-clang 0.2.3 2.86 57.72 60.58 OK
r-devel-linux-x86_64-debian-gcc 0.2.3 2.59 44.25 46.84 OK
r-devel-linux-x86_64-fedora-clang 0.2.3 72.65 NOTE
r-devel-linux-x86_64-fedora-gcc 0.2.3 61.47 NOTE
r-devel-windows-x86_64-new-UL 0.2.3 48.00 85.00 133.00 OK
r-devel-windows-x86_64-new-TK 0.2.3 NOTE
r-patched-linux-x86_64 0.2.3 2.83 56.01 58.84 OK
r-release-linux-x86_64 0.2.3 2.67 55.28 57.95 OK
r-release-macos-arm64 0.2.3 NOTE
r-release-macos-x86_64 0.2.3 NOTE
r-release-windows-ix86+x86_64 0.2.3 7.00 72.00 79.00 OK
r-oldrel-macos-x86_64 0.2.3 NOTE
r-oldrel-windows-ix86+x86_64 0.2.3 7.00 74.00 81.00 OK

Check Details

Version: 0.2.3
Check: data for non-ASCII characters
Result: NOTE
     Note: found 47 marked UTF-8 strings
Flavors: r-devel-linux-x86_64-fedora-clang, r-devel-linux-x86_64-fedora-gcc, r-devel-windows-x86_64-new-TK, r-release-macos-arm64, r-release-macos-x86_64, r-oldrel-macos-x86_64