CRAN Package Check Results for Package zerotradeflow

Last updated on 2024-02-21 15:51:03 CET.

Flavor Version Tinstall Tcheck Ttotal Status Flags
r-devel-linux-x86_64-debian-clang 0.1.0 OK
r-devel-linux-x86_64-debian-gcc 0.1.0 12.57 33.61 46.18 OK
r-devel-linux-x86_64-fedora-clang 0.1.0 76.09 NOTE
r-devel-linux-x86_64-fedora-gcc 0.1.0 71.28 NOTE
r-devel-windows-x86_64 0.1.0 17.00 54.00 71.00 OK
r-patched-linux-x86_64 0.1.0 13.25 41.89 55.14 OK
r-release-linux-x86_64 0.1.0 11.55 43.20 54.75 OK
r-release-macos-arm64 0.1.0 31.00 OK
r-release-macos-x86_64 0.1.0 48.00 OK
r-release-windows-x86_64 0.1.0 19.00 57.00 76.00 OK
r-oldrel-macos-arm64 0.1.0 35.00 NOTE
r-oldrel-windows-x86_64 0.1.0 20.00 64.00 84.00 OK

Check Details

Version: 0.1.0
Check: dependencies in R code
Result: NOTE Namespace in Imports field not imported from: ‘tidyverse’ All declared Imports should be used. Flavors: r-devel-linux-x86_64-fedora-clang, r-devel-linux-x86_64-fedora-gcc, r-oldrel-macos-arm64