CRAN Package Check Results for Package zendeskR

Last updated on 2022-06-30 17:50:00 CEST.

Flavor Version Tinstall Tcheck Ttotal Status Flags
r-devel-linux-x86_64-debian-clang 0.4 2.19 29.75 31.94 NOTE
r-devel-linux-x86_64-debian-gcc 0.4 1.86 23.24 25.10 NOTE
r-devel-linux-x86_64-fedora-clang 0.4 50.07 NOTE
r-devel-linux-x86_64-fedora-gcc 0.4 49.15 NOTE
r-devel-windows-x86_64 0.4 21.00 53.00 74.00 NOTE
r-patched-linux-x86_64 0.4 2.86 28.32 31.18 NOTE
r-release-linux-x86_64 0.4 3.08 29.29 32.37 NOTE
r-release-macos-arm64 0.4 18.00 NOTE
r-release-macos-x86_64 0.4 24.00 NOTE
r-release-windows-x86_64 0.4 19.00 55.00 74.00 NOTE
r-oldrel-macos-arm64 0.4 21.00 NOTE
r-oldrel-macos-x86_64 0.4 28.00 NOTE
r-oldrel-windows-ix86+x86_64 0.4 8.00 52.00 60.00 NOTE

Check Details

Version: 0.4
Check: DESCRIPTION meta-information
Result: NOTE
    Malformed Description field: should contain one or more complete sentences.
Flavors: r-devel-linux-x86_64-debian-clang, r-devel-linux-x86_64-debian-gcc, r-devel-linux-x86_64-fedora-clang, r-devel-linux-x86_64-fedora-gcc, r-devel-windows-x86_64, r-patched-linux-x86_64, r-release-linux-x86_64, r-release-macos-arm64, r-release-macos-x86_64, r-release-windows-x86_64, r-oldrel-macos-arm64, r-oldrel-macos-x86_64, r-oldrel-windows-ix86+x86_64