CRAN Package Check Results for Package zebu

Last updated on 2021-08-01 19:51:52 CEST.

Flavor Version Tinstall Tcheck Ttotal Status Flags
r-devel-linux-x86_64-debian-clang 0.1.3.0 2.69 49.50 52.19 OK
r-devel-linux-x86_64-debian-gcc 0.1.3.0 2.35 36.36 38.71 OK
r-devel-linux-x86_64-fedora-clang 0.1.3.0 69.58 OK
r-devel-linux-x86_64-fedora-gcc 0.1.3.0 58.40 OK
r-devel-windows-x86_64 0.1.3.0 5.00 69.00 74.00 OK
r-devel-windows-x86_64-gcc10-UCRT 0.1.3.0 OK
r-patched-linux-x86_64 0.1.3.0 OK
r-patched-solaris-x86 0.1.3.0 81.50 OK
r-release-linux-x86_64 0.1.3.0 2.29 45.70 47.99 OK
r-release-macos-arm64 0.1.3.0 WARN
r-release-macos-x86_64 0.1.3.0 OK
r-release-windows-ix86+x86_64 0.1.3.0 7.00 53.00 60.00 OK
r-oldrel-macos-x86_64 0.1.3.0 OK
r-oldrel-windows-ix86+x86_64 0.1.3.0 7.00 71.00 78.00 OK

Check Details

Version: 0.1.3.0
Check: re-building of vignette outputs
Result: WARN
    Error(s) in re-building vignettes:
     ...
    --- re-building ‘zebu.Rmd’ using knitr
    Quitting from lines 291-313 (zebu.Rmd)
    Error: processing vignette 'zebu.Rmd' failed with diagnostics:
    polygon edge not found
    --- failed re-building ‘zebu.Rmd’
    
    SUMMARY: processing the following file failed:
     ‘zebu.Rmd’
    
    Error: Vignette re-building failed.
    Execution halted
Flavor: r-release-macos-arm64