CRAN Package Check Results for Package ypr

Last updated on 2021-09-21 04:55:45 CEST.

Flavor Version Tinstall Tcheck Ttotal Status Flags
r-devel-linux-x86_64-debian-clang 0.5.2 5.71 95.41 101.12 OK
r-devel-linux-x86_64-debian-gcc 0.5.2 4.78 70.15 74.93 OK
r-devel-linux-x86_64-fedora-clang 0.5.2 125.60 OK
r-devel-linux-x86_64-fedora-gcc 0.5.2 114.15 OK
r-devel-windows-x86_64 0.5.2 8.00 93.00 101.00 OK
r-devel-windows-x86_64-gcc10-UCRT 0.5.2 ERROR
r-patched-linux-x86_64 0.5.2 6.05 89.77 95.82 OK
r-patched-solaris-x86 0.5.2 153.60 OK
r-release-linux-x86_64 0.5.2 5.99 89.85 95.84 OK
r-release-macos-arm64 0.5.2 OK
r-release-macos-x86_64 0.5.2 OK
r-release-windows-ix86+x86_64 0.5.2 15.00 88.00 103.00 OK
r-oldrel-macos-x86_64 0.5.2 OK
r-oldrel-windows-ix86+x86_64 0.5.2 15.00 95.00 110.00 OK

Check Details

Version: 0.5.2
Check: whether package can be installed
Result: WARN
    Found the following significant warnings:
     WARNING: installation-time patches will not be applied, could not get the patches index
Flavor: r-devel-windows-x86_64-gcc10-UCRT

Version: 0.5.2
Check: PDF version of manual
Result: WARN
    LaTeX errors when creating PDF version.
    This typically indicates Rd problems.
Flavor: r-devel-windows-x86_64-gcc10-UCRT

Version: 0.5.2
Check: PDF version of manual without hyperrefs or index
Result: ERROR
    Re-running with no redirection of stdout/stderr.
Flavor: r-devel-windows-x86_64-gcc10-UCRT