CRAN Package Check Results for Package yaps

Last updated on 2021-09-18 05:02:51 CEST.

Flavor Version Tinstall Tcheck Ttotal Status Flags
r-devel-linux-x86_64-debian-clang 1.2.5 100.52 196.58 297.10 OK
r-devel-linux-x86_64-debian-gcc 1.2.5 61.52 143.23 204.75 OK
r-devel-linux-x86_64-fedora-clang 1.2.5 252.03 ERROR
r-devel-linux-x86_64-fedora-gcc 1.2.5 327.98 OK
r-devel-windows-x86_64 1.2.5 60.00 280.00 340.00 NOTE
r-devel-windows-x86_64-gcc10-UCRT 1.2.5 OK
r-patched-linux-x86_64 1.2.5 63.46 194.28 257.74 OK
r-patched-solaris-x86 1.2.5 434.10 OK
r-release-linux-x86_64 1.2.5 68.35 192.22 260.57 OK
r-release-macos-arm64 1.2.5 NOTE
r-release-macos-x86_64 1.2.5 NOTE
r-release-windows-ix86+x86_64 1.2.5 140.00 387.00 527.00 NOTE
r-oldrel-macos-x86_64 1.2.5 NOTE
r-oldrel-windows-ix86+x86_64 1.2.5 149.00 396.00 545.00 NOTE

Check Details

Version: 1.2.5
Check: installed package size
Result: NOTE
     installed size is 15.9Mb
     sub-directories of 1Mb or more:
     libs 13.9Mb
Flavors: r-devel-linux-x86_64-fedora-clang, r-devel-windows-x86_64, r-release-macos-arm64, r-release-macos-x86_64, r-release-windows-ix86+x86_64, r-oldrel-macos-x86_64, r-oldrel-windows-ix86+x86_64

Version: 1.2.5
Check: tests
Result: ERROR
     Running ‘testthat.R’ [7s/14s]
    Running the tests in ‘tests/testthat.R’ failed.
    Complete output:
     > library(testthat)
     > library(yaps)
     Welcome to yaps (v1.2.5)
     Please let us know if you experience any trouble using yaps.
     Run testYaps() to ensure basic functions (incl. TMB) is working.
     >
     > test_check("yaps")
     2021-09-11 21:57:25
     . Running optimization of the sync model. Please be patient - this can take a long time.
    
     *** caught segfault ***
     address (nil), cause 'memory not mapped'
    
     Traceback:
     1: retape(set.defaults = TRUE)
     2: TMB::MakeADFun(data = dat_tmb, parameters = params, random = random, DLL = "yaps", inner.control = list(maxit = max_iter), silent = silent)
     3: getSyncModel(inp_sync, silent = TRUE, max_iter = 500, tmb_smartsearch = TRUE)
     4: eval(code, test_env)
     5: eval(code, test_env)
     6: withCallingHandlers({ eval(code, test_env) if (!handled && !is.null(test)) { skip_empty() }}, expectation = handle_expectation, skip = handle_skip, warning = handle_warning, message = handle_message, error = handle_error)
     7: doTryCatch(return(expr), name, parentenv, handler)
     8: tryCatchOne(expr, names, parentenv, handlers[[1L]])
     9: tryCatchList(expr, names[-nh], parentenv, handlers[-nh])
     10: doTryCatch(return(expr), name, parentenv, handler)
     11: tryCatchOne(tryCatchList(expr, names[-nh], parentenv, handlers[-nh]), names[nh], parentenv, handlers[[nh]])
     12: tryCatchList(expr, classes, parentenv, handlers)
     13: tryCatch(withCallingHandlers({ eval(code, test_env) if (!handled && !is.null(test)) { skip_empty() }}, expectation = handle_expectation, skip = handle_skip, warning = handle_warning, message = handle_message, error = handle_error), error = handle_fatal, skip = function(e) { })
     14: test_code(NULL, exprs, env)
     15: source_file(path, child_env(env), wrap = wrap)
     16: FUN(X[[i]], ...)
     17: lapply(test_paths, test_one_file, env = env, wrap = wrap)
     18: force(code)
     19: doWithOneRestart(return(expr), restart)
     20: withOneRestart(expr, restarts[[1L]])
     21: withRestarts(testthat_abort_reporter = function() NULL, force(code))
     22: with_reporter(reporters$multi, lapply(test_paths, test_one_file, env = env, wrap = wrap))
     23: test_files(test_dir = test_dir, test_package = test_package, test_paths = test_paths, load_helpers = load_helpers, reporter = reporter, env = env, stop_on_failure = stop_on_failure, stop_on_warning = stop_on_warning, wrap = wrap, load_package = load_package)
     24: test_files(test_dir = path, test_paths = test_paths, test_package = package, reporter = reporter, load_helpers = load_helpers, env = env, stop_on_failure = stop_on_failure, stop_on_warning = stop_on_warning, wrap = wrap, load_package = load_package, parallel = parallel)
     25: test_dir("testthat", package = package, reporter = reporter, ..., load_package = "installed")
     26: test_check("yaps")
     An irrecoverable exception occurred. R is aborting now ...
Flavor: r-devel-linux-x86_64-fedora-clang