Last updated on 2023-02-09 03:56:28 CET.
Flavor | Version | Tinstall | Tcheck | Ttotal | Status | Flags |
---|---|---|---|---|---|---|
r-devel-linux-x86_64-debian-clang | 1.8-4 | 2.86 | 66.28 | 69.14 | NOTE | |
r-devel-linux-x86_64-debian-gcc | 1.8-4 | 1.92 | 50.48 | 52.40 | NOTE | |
r-devel-linux-x86_64-fedora-clang | 1.8-4 | 89.31 | NOTE | |||
r-devel-linux-x86_64-fedora-gcc | 1.8-4 | 102.56 | NOTE | |||
r-devel-windows-x86_64 | 1.8-4 | 28.00 | 152.00 | 180.00 | OK | |
r-patched-linux-x86_64 | 1.8-4 | 3.77 | 62.43 | 66.20 | NOTE | |
r-release-linux-x86_64 | 1.8-4 | 3.11 | 59.91 | 63.02 | NOTE | |
r-release-macos-arm64 | 1.8-4 | 40.00 | OK | |||
r-release-macos-x86_64 | 1.8-4 | 61.00 | OK | |||
r-release-windows-x86_64 | 1.8-4 | 33.00 | 151.00 | 184.00 | OK | |
r-oldrel-macos-arm64 | 1.8-4 | 52.00 | OK | |||
r-oldrel-macos-x86_64 | 1.8-4 | 74.00 | OK | |||
r-oldrel-windows-ix86+x86_64 | 1.8-4 | 8.00 | 112.00 | 120.00 | OK |
Version: 1.8-4
Check: for non-standard things in the check directory
Result: NOTE
Found the following files/directories:
‘xtable.html’ ‘xtable.tex’
Flavors: r-devel-linux-x86_64-debian-clang, r-devel-linux-x86_64-debian-gcc, r-devel-linux-x86_64-fedora-clang, r-devel-linux-x86_64-fedora-gcc, r-patched-linux-x86_64, r-release-linux-x86_64