CRAN Package Check Results for Package xtable

Last updated on 2023-06-06 23:10:10 CEST.

Flavor Version Tinstall Tcheck Ttotal Status Flags
r-devel-linux-x86_64-debian-clang 1.8-4 2.60 63.85 66.45 NOTE
r-devel-linux-x86_64-debian-gcc 1.8-4 1.88 50.37 52.25 NOTE
r-devel-linux-x86_64-fedora-clang 1.8-4 86.34 NOTE
r-devel-linux-x86_64-fedora-gcc 1.8-4 93.96 NOTE
r-devel-windows-x86_64 1.8-4 12.00 116.00 128.00 OK
r-patched-linux-x86_64 1.8-4 3.54 61.85 65.39 NOTE
r-release-linux-x86_64 1.8-4 2.79 61.87 64.66 NOTE
r-release-macos-arm64 1.8-4 57.00 OK
r-release-macos-x86_64 1.8-4 61.00 OK
r-release-windows-x86_64 1.8-4 8.00 109.00 117.00 OK
r-oldrel-macos-arm64 1.8-4 46.00 OK
r-oldrel-macos-x86_64 1.8-4 61.00 OK
r-oldrel-windows-x86_64 1.8-4 7.00 110.00 117.00 OK

Check Details

Version: 1.8-4
Check: for non-standard things in the check directory
Result: NOTE
    Found the following files/directories:
     ‘xtable.html’ ‘xtable.tex’
Flavors: r-devel-linux-x86_64-debian-clang, r-devel-linux-x86_64-debian-gcc, r-devel-linux-x86_64-fedora-clang, r-devel-linux-x86_64-fedora-gcc, r-patched-linux-x86_64, r-release-linux-x86_64