Last updated on 2022-07-03 17:52:19 CEST.
Flavor | Version | Tinstall | Tcheck | Ttotal | Status | Flags |
---|---|---|---|---|---|---|
r-devel-linux-x86_64-debian-clang | 1.8-4 | 2.51 | 60.71 | 63.22 | NOTE | |
r-devel-linux-x86_64-debian-gcc | 1.8-4 | 2.01 | 47.19 | 49.20 | NOTE | |
r-devel-linux-x86_64-fedora-clang | 1.8-4 | 94.93 | NOTE | |||
r-devel-linux-x86_64-fedora-gcc | 1.8-4 | 94.54 | NOTE | |||
r-devel-windows-x86_64 | 1.8-4 | 27.00 | 136.00 | 163.00 | OK | |
r-patched-linux-x86_64 | 1.8-4 | 3.56 | 57.30 | 60.86 | NOTE | |
r-release-linux-x86_64 | 1.8-4 | 3.20 | 58.04 | 61.24 | NOTE | |
r-release-macos-arm64 | 1.8-4 | 40.00 | OK | |||
r-release-macos-x86_64 | 1.8-4 | 61.00 | OK | |||
r-release-windows-x86_64 | 1.8-4 | 28.00 | 134.00 | 162.00 | OK | |
r-oldrel-macos-arm64 | 1.8-4 | 52.00 | OK | |||
r-oldrel-macos-x86_64 | 1.8-4 | 74.00 | OK | |||
r-oldrel-windows-ix86+x86_64 | 1.8-4 | 16.00 | 112.00 | 128.00 | OK |
Version: 1.8-4
Check: for non-standard things in the check directory
Result: NOTE
Found the following files/directories:
'xtable.html' 'xtable.tex'
Flavors: r-devel-linux-x86_64-debian-clang, r-devel-linux-x86_64-debian-gcc, r-devel-linux-x86_64-fedora-clang, r-devel-linux-x86_64-fedora-gcc, r-patched-linux-x86_64, r-release-linux-x86_64