CRAN Package Check Results for Package xrf

Last updated on 2021-09-26 16:49:33 CEST.

Flavor Version Tinstall Tcheck Ttotal Status Flags
r-devel-linux-x86_64-debian-clang 0.2.0 10.16 124.31 134.47 NOTE
r-devel-linux-x86_64-debian-gcc 0.2.0 9.15 95.90 105.05 NOTE
r-devel-linux-x86_64-fedora-clang 0.2.0 163.52 NOTE
r-devel-linux-x86_64-fedora-gcc 0.2.0 150.60 NOTE
r-devel-windows-x86_64 0.2.0 12.00 110.00 122.00 NOTE
r-devel-windows-x86_64-gcc10-UCRT 0.2.0 NOTE
r-patched-linux-x86_64 0.2.0 8.92 115.77 124.69 NOTE
r-patched-solaris-x86 0.2.0 187.20 NOTE
r-release-linux-x86_64 0.2.0 8.19 114.43 122.62 NOTE
r-release-macos-arm64 0.2.0 NOTE
r-release-macos-x86_64 0.2.0 NOTE
r-release-windows-ix86+x86_64 0.2.0 25.00 100.00 125.00 NOTE
r-oldrel-macos-x86_64 0.2.0 OK
r-oldrel-windows-ix86+x86_64 0.2.0 18.00 105.00 123.00 OK

Check Details

Version: 0.2.0
Check: LazyData
Result: NOTE
     'LazyData' is specified without a 'data' directory
Flavors: r-devel-linux-x86_64-debian-clang, r-devel-linux-x86_64-debian-gcc, r-devel-linux-x86_64-fedora-clang, r-devel-linux-x86_64-fedora-gcc, r-devel-windows-x86_64, r-devel-windows-x86_64-gcc10-UCRT, r-patched-linux-x86_64, r-patched-solaris-x86, r-release-linux-x86_64, r-release-macos-arm64, r-release-macos-x86_64, r-release-windows-ix86+x86_64