CRAN Package Check Results for Package xlsx

Last updated on 2021-08-03 19:52:31 CEST.

Flavor Version Tinstall Tcheck Ttotal Status Flags
r-devel-linux-x86_64-debian-clang 0.6.5 8.88 130.95 139.83 OK
r-devel-linux-x86_64-debian-gcc 0.6.5 6.68 102.68 109.36 OK
r-devel-linux-x86_64-fedora-clang 0.6.5 164.57 OK
r-devel-linux-x86_64-fedora-gcc 0.6.5 154.58 OK
r-devel-windows-x86_64 0.6.5 8.00 111.00 119.00 OK
r-devel-windows-x86_64-gcc10-UCRT 0.6.5 OK
r-patched-linux-x86_64 0.6.5 9.49 131.35 140.84 OK
r-patched-solaris-x86 0.6.5 153.20 OK
r-release-linux-x86_64 0.6.5 8.67 133.01 141.68 OK
r-release-macos-arm64 0.6.5 ERROR
r-release-macos-x86_64 0.6.5 OK
r-release-windows-ix86+x86_64 0.6.5 15.00 88.00 103.00 OK
r-oldrel-macos-x86_64 0.6.5 OK
r-oldrel-windows-ix86+x86_64 0.6.5 13.00 115.00 128.00 OK

Check Details

Version: 0.6.5
Check: whether package can be installed
Result: ERROR
    Installation failed.
Flavor: r-release-macos-arm64