CRAN Package Check Results for Package xgboost

Last updated on 2021-07-24 19:50:37 CEST.

Flavor Version Tinstall Tcheck Ttotal Status Flags
r-devel-linux-x86_64-debian-clang 1.4.1.1 203.95 256.39 460.34 NOTE
r-devel-linux-x86_64-debian-gcc 1.4.1.1 205.66 203.39 409.05 NOTE
r-devel-linux-x86_64-fedora-clang 1.4.1.1 614.74 NOTE
r-devel-linux-x86_64-fedora-gcc 1.4.1.1 623.95 NOTE
r-devel-windows-x86_64 1.4.1.1 159.00 207.00 366.00 NOTE
r-devel-windows-x86_64-gcc10-UCRT 1.4.1.1 NOTE
r-patched-linux-x86_64 1.4.1.1 235.69 229.42 465.11 NOTE
r-patched-solaris-x86 1.4.1.1 666.40 NOTE
r-release-linux-x86_64 1.4.1.1 228.13 224.47 452.60 NOTE
r-release-macos-arm64 1.4.1.1 NOTE
r-release-macos-x86_64 1.4.1.1 NOTE
r-release-windows-ix86+x86_64 1.4.1.1 428.00 342.00 770.00 NOTE
r-oldrel-macos-x86_64 1.4.1.1 NOTE
r-oldrel-windows-ix86+x86_64 1.4.1.1 422.00 381.00 803.00 NOTE

Check Details

Version: 1.4.1.1
Check: for GNU extensions in Makefiles
Result: NOTE
    GNU make is a SystemRequirements.
Flavors: r-devel-linux-x86_64-debian-clang, r-devel-linux-x86_64-debian-gcc, r-devel-linux-x86_64-fedora-clang, r-devel-linux-x86_64-fedora-gcc, r-devel-windows-x86_64, r-devel-windows-x86_64-gcc10-UCRT, r-patched-linux-x86_64, r-patched-solaris-x86, r-release-linux-x86_64, r-release-macos-arm64, r-release-macos-x86_64, r-release-windows-ix86+x86_64, r-oldrel-macos-x86_64, r-oldrel-windows-ix86+x86_64

Version: 1.4.1.1
Check: installed package size
Result: NOTE
     installed size is 33.5Mb
     sub-directories of 1Mb or more:
     libs 32.6Mb
Flavors: r-devel-linux-x86_64-fedora-clang, r-release-macos-arm64, r-release-macos-x86_64, r-release-windows-ix86+x86_64, r-oldrel-macos-x86_64, r-oldrel-windows-ix86+x86_64