CRAN Package Check Results for Package x12

Last updated on 2021-07-26 19:49:44 CEST.

Flavor Version Tinstall Tcheck Ttotal Status Flags
r-devel-linux-x86_64-debian-clang 1.9.3 10.72 79.97 90.69 OK
r-devel-linux-x86_64-debian-gcc 1.9.3 10.62 59.70 70.32 OK
r-devel-linux-x86_64-fedora-clang 1.9.3 118.94 OK
r-devel-linux-x86_64-fedora-gcc 1.9.3 109.48 OK
r-devel-windows-x86_64 1.9.3 19.00 82.00 101.00 OK
r-devel-windows-x86_64-gcc10-UCRT 1.9.3 OK
r-patched-linux-x86_64 1.9.3 11.20 77.88 89.08 OK
r-patched-solaris-x86 1.9.3 5.00 ERROR
r-release-linux-x86_64 1.9.3 12.45 82.40 94.85 OK
r-release-macos-arm64 1.9.3 OK
r-release-macos-x86_64 1.9.3 OK
r-release-windows-ix86+x86_64 1.9.3 21.00 92.00 113.00 OK
r-oldrel-macos-x86_64 1.9.3 OK
r-oldrel-windows-ix86+x86_64 1.9.3 15.00 103.00 118.00 OK

Check Details

Version: 1.9.3
Check: package dependencies
Result: ERROR
    Package required but not available: ‘x13binary’
    
    See section ‘The DESCRIPTION file’ in the ‘Writing R Extensions’
    manual.
Flavor: r-patched-solaris-x86