CRAN Package Check Results for Package wyz.code.testthat

Last updated on 2021-07-25 07:50:23 CEST.

Flavor Version Tinstall Tcheck Ttotal Status Flags
r-devel-linux-x86_64-debian-clang 1.1.17 5.52 63.35 68.87 NOTE
r-devel-linux-x86_64-debian-gcc 1.1.17 4.92 48.16 53.08 NOTE
r-devel-linux-x86_64-fedora-clang 1.1.17 92.72 NOTE
r-devel-linux-x86_64-fedora-gcc 1.1.17 81.31 NOTE
r-devel-windows-x86_64 1.1.17 9.00 64.00 73.00 NOTE
r-devel-windows-x86_64-gcc10-UCRT 1.1.17 NOTE
r-patched-linux-x86_64 1.1.17 6.81 58.90 65.71 NOTE
r-patched-solaris-x86 1.1.17 118.70 NOTE
r-release-linux-x86_64 1.1.17 5.74 59.12 64.86 NOTE
r-release-macos-arm64 1.1.17 NOTE
r-release-macos-x86_64 1.1.17 NOTE
r-release-windows-ix86+x86_64 1.1.17 15.00 72.00 87.00 NOTE
r-oldrel-macos-x86_64 1.1.17 OK
r-oldrel-windows-ix86+x86_64 1.1.17 16.00 80.00 96.00 OK

Check Details

Version: 1.1.17
Check: LazyData
Result: NOTE
     'LazyData' is specified without a 'data' directory
Flavors: r-devel-linux-x86_64-debian-clang, r-devel-linux-x86_64-debian-gcc, r-devel-linux-x86_64-fedora-clang, r-devel-linux-x86_64-fedora-gcc, r-devel-windows-x86_64, r-devel-windows-x86_64-gcc10-UCRT, r-patched-linux-x86_64, r-patched-solaris-x86, r-release-linux-x86_64, r-release-macos-arm64, r-release-macos-x86_64, r-release-windows-ix86+x86_64