CRAN Package Check Results for Package wrswoR

Last updated on 2021-07-23 07:50:07 CEST.

Flavor Version Tinstall Tcheck Ttotal Status Flags
r-devel-linux-x86_64-debian-clang 1.1.1 21.48 32.00 53.48 NOTE
r-devel-linux-x86_64-debian-gcc 1.1.1 12.66 25.05 37.71 NOTE
r-devel-linux-x86_64-fedora-clang 1.1.1 78.25 NOTE
r-devel-linux-x86_64-fedora-gcc 1.1.1 66.79 NOTE
r-devel-windows-x86_64 1.1.1 22.00 47.00 69.00 NOTE
r-devel-windows-x86_64-gcc10-UCRT 1.1.1 NOTE
r-patched-linux-x86_64 1.1.1 15.80 30.98 46.78 NOTE
r-patched-solaris-x86 1.1.1 84.90 NOTE
r-release-linux-x86_64 1.1.1 16.13 31.05 47.18 NOTE
r-release-macos-arm64 1.1.1 NOTE
r-release-macos-x86_64 1.1.1 NOTE
r-release-windows-ix86+x86_64 1.1.1 54.00 72.00 126.00 NOTE
r-oldrel-macos-x86_64 1.1.1 OK
r-oldrel-windows-ix86+x86_64 1.1.1 53.00 72.00 125.00 OK

Check Details

Version: 1.1.1
Check: LazyData
Result: NOTE
     'LazyData' is specified without a 'data' directory
Flavors: r-devel-linux-x86_64-debian-clang, r-devel-linux-x86_64-debian-gcc, r-devel-linux-x86_64-fedora-clang, r-devel-linux-x86_64-fedora-gcc, r-devel-windows-x86_64, r-devel-windows-x86_64-gcc10-UCRT, r-patched-linux-x86_64, r-patched-solaris-x86, r-release-linux-x86_64, r-release-macos-arm64, r-release-macos-x86_64, r-release-windows-ix86+x86_64

Version: 1.1.1
Check: package dependencies
Result: NOTE
    Package suggested but not available for checking: ‘kimisc’
Flavors: r-devel-linux-x86_64-debian-gcc, r-devel-linux-x86_64-fedora-clang, r-devel-linux-x86_64-fedora-gcc