CRAN Package Check Results for Package wpp2017

Last updated on 2021-10-21 04:58:50 CEST.

Flavor Version Tinstall Tcheck Ttotal Status Flags
r-devel-linux-x86_64-debian-clang 1.2-3 3.94 53.70 57.64 OK
r-devel-linux-x86_64-debian-gcc 1.2-3 2.74 42.16 44.90 OK
r-devel-linux-x86_64-fedora-clang 1.2-3 78.42 NOTE
r-devel-linux-x86_64-fedora-gcc 1.2-3 66.86 OK
r-devel-windows-x86_64 1.2-3 8.00 61.00 69.00 NOTE
r-devel-windows-x86_64-gcc10-UCRT 1.2-3 OK
r-patched-linux-x86_64 1.2-3 4.27 50.92 55.19 OK
r-patched-solaris-x86 1.2-3 107.80 NOTE
r-release-linux-x86_64 1.2-3 3.81 50.93 54.74 OK
r-release-macos-arm64 1.2-3 NOTE
r-release-macos-x86_64 1.2-3 NOTE
r-release-windows-ix86+x86_64 1.2-3 7.00 75.00 82.00 NOTE
r-oldrel-macos-x86_64 1.2-3 NOTE
r-oldrel-windows-ix86+x86_64 1.2-3 10.00 75.00 85.00 NOTE

Check Details

Version: 1.2-3
Check: installed package size
Result: NOTE
     installed size is 11.6Mb
     sub-directories of 1Mb or more:
     data 11.4Mb
Flavors: r-devel-linux-x86_64-fedora-clang, r-devel-windows-x86_64, r-patched-solaris-x86, r-release-macos-arm64, r-release-macos-x86_64, r-release-windows-ix86+x86_64, r-oldrel-macos-x86_64, r-oldrel-windows-ix86+x86_64