CRAN Package Check Results for Package wpp2015

Last updated on 2021-10-21 04:58:50 CEST.

Flavor Version Tinstall Tcheck Ttotal Status Flags
r-devel-linux-x86_64-debian-clang 1.1-2 3.28 39.98 43.26 OK
r-devel-linux-x86_64-debian-gcc 1.1-2 2.49 31.92 34.41 OK
r-devel-linux-x86_64-fedora-clang 1.1-2 64.04 NOTE
r-devel-linux-x86_64-fedora-gcc 1.1-2 53.42 OK
r-devel-windows-x86_64 1.1-2 7.00 54.00 61.00 NOTE
r-devel-windows-x86_64-gcc10-UCRT 1.1-2 OK
r-patched-linux-x86_64 1.1-2 3.43 39.20 42.63 OK
r-patched-solaris-x86 1.1-2 88.00 NOTE
r-release-linux-x86_64 1.1-2 3.15 38.87 42.02 OK
r-release-macos-arm64 1.1-2 NOTE
r-release-macos-x86_64 1.1-2 NOTE
r-release-windows-ix86+x86_64 1.1-2 7.00 74.00 81.00 NOTE
r-oldrel-macos-x86_64 1.1-2 NOTE
r-oldrel-windows-ix86+x86_64 1.1-2 10.00 69.00 79.00 NOTE

Check Details

Version: 1.1-2
Check: installed package size
Result: NOTE
     installed size is 11.4Mb
     sub-directories of 1Mb or more:
     data 11.2Mb
Flavors: r-devel-linux-x86_64-fedora-clang, r-devel-windows-x86_64, r-patched-solaris-x86, r-release-macos-arm64, r-release-macos-x86_64, r-release-windows-ix86+x86_64, r-oldrel-macos-x86_64, r-oldrel-windows-ix86+x86_64