CRAN Package Check Results for Package wpp2012

Last updated on 2021-10-25 04:54:28 CEST.

Flavor Version Tinstall Tcheck Ttotal Status Flags
r-devel-linux-x86_64-debian-clang 2.2-1 3.20 33.60 36.80 NOTE
r-devel-linux-x86_64-debian-gcc 2.2-1 2.42 27.21 29.63 NOTE
r-devel-linux-x86_64-fedora-clang 2.2-1 55.07 NOTE
r-devel-linux-x86_64-fedora-gcc 2.2-1 45.24 NOTE
r-devel-windows-x86_64 2.2-1 7.00 45.00 52.00 NOTE
r-devel-windows-x86_64-gcc10-UCRT 2.2-1 NOTE
r-patched-linux-x86_64 2.2-1 3.59 33.27 36.86 NOTE
r-patched-solaris-x86 2.2-1 78.90 NOTE
r-release-linux-x86_64 2.2-1 2.98 33.48 36.46 NOTE
r-release-macos-arm64 2.2-1 NOTE
r-release-macos-x86_64 2.2-1 NOTE
r-release-windows-ix86+x86_64 2.2-1 7.00 44.00 51.00 NOTE
r-oldrel-macos-x86_64 2.2-1 NOTE
r-oldrel-windows-ix86+x86_64 2.2-1 7.00 43.00 50.00 NOTE

Check Details

Version: 2.2-1
Check: DESCRIPTION meta-information
Result: NOTE
    Malformed Description field: should contain one or more complete sentences.
Flavors: r-devel-linux-x86_64-debian-clang, r-devel-linux-x86_64-debian-gcc, r-devel-linux-x86_64-fedora-clang, r-devel-linux-x86_64-fedora-gcc, r-devel-windows-x86_64, r-devel-windows-x86_64-gcc10-UCRT, r-patched-linux-x86_64, r-patched-solaris-x86, r-release-linux-x86_64, r-release-macos-arm64, r-release-macos-x86_64, r-release-windows-ix86+x86_64, r-oldrel-macos-x86_64, r-oldrel-windows-ix86+x86_64

Version: 2.2-1
Check: installed package size
Result: NOTE
     installed size is 12.8Mb
     sub-directories of 1Mb or more:
     data 12.7Mb
Flavors: r-devel-linux-x86_64-fedora-clang, r-devel-windows-x86_64, r-patched-solaris-x86, r-release-macos-arm64, r-release-macos-x86_64, r-release-windows-ix86+x86_64, r-oldrel-macos-x86_64, r-oldrel-windows-ix86+x86_64