CRAN Package Check Results for Package wpp2010

Last updated on 2021-10-17 16:49:44 CEST.

Flavor Version Tinstall Tcheck Ttotal Status Flags
r-devel-linux-x86_64-debian-clang 1.2-0 2.12 23.50 25.62 NOTE
r-devel-linux-x86_64-debian-gcc 1.2-0 1.66 18.83 20.49 NOTE
r-devel-linux-x86_64-fedora-clang 1.2-0 42.46 NOTE
r-devel-linux-x86_64-fedora-gcc 1.2-0 33.22 NOTE
r-devel-windows-x86_64 1.2-0 5.00 34.00 39.00 NOTE
r-devel-windows-x86_64-gcc10-UCRT 1.2-0 NOTE
r-patched-linux-x86_64 1.2-0 2.46 22.88 25.34 NOTE
r-patched-solaris-x86 1.2-0 54.50 NOTE
r-release-linux-x86_64 1.2-0 1.83 22.89 24.72 NOTE
r-release-macos-arm64 1.2-0 NOTE
r-release-macos-x86_64 1.2-0 NOTE
r-release-windows-ix86+x86_64 1.2-0 6.00 30.00 36.00 NOTE
r-oldrel-macos-x86_64 1.2-0 NOTE
r-oldrel-windows-ix86+x86_64 1.2-0 6.00 31.00 37.00 NOTE

Check Details

Version: 1.2-0
Check: DESCRIPTION meta-information
Result: NOTE
    Malformed Description field: should contain one or more complete sentences.
Flavors: r-devel-linux-x86_64-debian-clang, r-devel-linux-x86_64-debian-gcc, r-devel-linux-x86_64-fedora-clang, r-devel-linux-x86_64-fedora-gcc, r-devel-windows-x86_64, r-devel-windows-x86_64-gcc10-UCRT, r-patched-linux-x86_64, r-patched-solaris-x86, r-release-linux-x86_64, r-release-macos-arm64, r-release-macos-x86_64, r-release-windows-ix86+x86_64, r-oldrel-macos-x86_64, r-oldrel-windows-ix86+x86_64

Version: 1.2-0
Check: installed package size
Result: NOTE
     installed size is 6.7Mb
     sub-directories of 1Mb or more:
     data 6.6Mb
Flavors: r-devel-linux-x86_64-fedora-clang, r-devel-windows-x86_64, r-patched-solaris-x86, r-release-macos-arm64, r-release-macos-x86_64, r-release-windows-ix86+x86_64, r-oldrel-macos-x86_64, r-oldrel-windows-ix86+x86_64