CRAN Package Check Results for Package wordgraph

Last updated on 2021-11-30 11:52:15 CET.

Flavor Version Tinstall Tcheck Ttotal Status Flags
r-devel-linux-x86_64-debian-clang 0.1.0 2.80 27.81 30.61 OK
r-devel-linux-x86_64-debian-gcc 0.1.0 1.99 21.88 23.87 OK
r-devel-linux-x86_64-fedora-clang 0.1.0 50.82 NOTE
r-devel-linux-x86_64-fedora-gcc 0.1.0 37.51 NOTE
r-devel-windows-x86_64-new-UL 0.1.0 9.00 63.00 72.00 OK
r-devel-windows-x86_64-new-TK 0.1.0 NOTE
r-devel-windows-x86_64-old 0.1.0 7.00 36.00 43.00 OK
r-patched-linux-x86_64 0.1.0 2.70 26.21 28.91 OK
r-patched-solaris-x86 0.1.0 55.40 NOTE
r-release-linux-x86_64 0.1.0 2.37 26.72 29.09 OK
r-release-macos-arm64 0.1.0 NOTE
r-release-macos-x86_64 0.1.0 NOTE
r-release-windows-ix86+x86_64 0.1.0 7.00 36.00 43.00 OK
r-oldrel-macos-x86_64 0.1.0 NOTE
r-oldrel-windows-ix86+x86_64 0.1.0 5.00 34.00 39.00 OK

Check Details

Version: 0.1.0
Check: data for non-ASCII characters
Result: NOTE
     Note: found 6738 marked UTF-8 strings
Flavors: r-devel-linux-x86_64-fedora-clang, r-devel-linux-x86_64-fedora-gcc, r-devel-windows-x86_64-new-TK, r-patched-solaris-x86, r-release-macos-arm64, r-release-macos-x86_64, r-oldrel-macos-x86_64