CRAN Package Check Results for Package womblR

Last updated on 2021-09-27 04:55:15 CEST.

Flavor Version Tinstall Tcheck Ttotal Status Flags
r-devel-linux-x86_64-debian-clang 1.0.4 254.12 250.01 504.13 OK
r-devel-linux-x86_64-debian-gcc 1.0.4 172.66 196.30 368.96 OK
r-devel-linux-x86_64-fedora-clang 1.0.4 704.42 NOTE
r-devel-linux-x86_64-fedora-gcc 1.0.4 635.12 OK
r-devel-windows-x86_64 1.0.4 234.00 246.00 480.00 OK
r-devel-windows-x86_64-gcc10-UCRT 1.0.4 OK
r-patched-linux-x86_64 1.0.4 200.56 240.92 441.48 OK
r-patched-solaris-x86 1.0.4 902.90 OK
r-release-linux-x86_64 1.0.4 208.99 244.18 453.17 OK
r-release-macos-arm64 1.0.4 NOTE
r-release-macos-x86_64 1.0.4 NOTE
r-release-windows-ix86+x86_64 1.0.4 610.00 322.00 932.00 OK
r-oldrel-macos-x86_64 1.0.4 NOTE
r-oldrel-windows-ix86+x86_64 1.0.4 451.00 308.00 759.00 OK

Check Details

Version: 1.0.4
Check: installed package size
Result: NOTE
     installed size is 8.3Mb
     sub-directories of 1Mb or more:
     libs 7.5Mb
Flavors: r-devel-linux-x86_64-fedora-clang, r-release-macos-arm64, r-release-macos-x86_64, r-oldrel-macos-x86_64