CRAN Package Check Results for Package womblR

Last updated on 2022-01-17 00:48:52 CET.

Flavor Version Tinstall Tcheck Ttotal Status Flags
r-devel-linux-x86_64-debian-clang 1.0.4 233.06 252.26 485.32 OK
r-devel-linux-x86_64-debian-gcc 1.0.4 180.88 201.57 382.45 OK
r-devel-linux-x86_64-fedora-clang 1.0.4 729.12 NOTE
r-devel-linux-x86_64-fedora-gcc 1.0.4 647.93 OK
r-devel-windows-x86_64-new-UL 1.0.4 202.00 274.00 476.00 OK
r-devel-windows-x86_64-new-TK 1.0.4 OK
r-patched-linux-x86_64 1.0.4 201.73 253.54 455.27 OK
r-release-linux-x86_64 1.0.4 OK
r-release-macos-arm64 1.0.4 NOTE
r-release-macos-x86_64 1.0.4 NOTE
r-release-windows-ix86+x86_64 1.0.4 601.00 388.00 989.00 OK
r-oldrel-macos-x86_64 1.0.4 NOTE
r-oldrel-windows-ix86+x86_64 1.0.4 602.00 395.00 997.00 OK

Check Details

Version: 1.0.4
Check: installed package size
Result: NOTE
     installed size is 8.3Mb
     sub-directories of 1Mb or more:
     libs 7.5Mb
Flavors: r-devel-linux-x86_64-fedora-clang, r-release-macos-arm64, r-release-macos-x86_64, r-oldrel-macos-x86_64