CRAN Package Check Results for Package wkutils

Last updated on 2022-10-04 11:50:27 CEST.

Flavor Version Tinstall Tcheck Ttotal Status Flags
r-devel-linux-x86_64-debian-clang 0.1.1 95.86 37.83 133.69 NOTE
r-devel-linux-x86_64-debian-gcc 0.1.1 77.23 29.17 106.40 NOTE
r-devel-linux-x86_64-fedora-clang 0.1.1 221.70 NOTE
r-devel-linux-x86_64-fedora-gcc 0.1.1 204.58 NOTE
r-devel-windows-x86_64 0.1.1 78.00 88.00 166.00 NOTE
r-patched-linux-x86_64 0.1.1 85.85 37.76 123.61 NOTE
r-release-linux-x86_64 0.1.1 85.99 37.14 123.13 NOTE
r-release-macos-arm64 0.1.1 47.00 NOTE
r-release-macos-x86_64 0.1.1 61.00 NOTE
r-release-windows-x86_64 0.1.1 87.00 93.00 180.00 NOTE
r-oldrel-macos-arm64 0.1.1 56.00 NOTE
r-oldrel-macos-x86_64 0.1.1 80.00 NOTE
r-oldrel-windows-ix86+x86_64 0.1.1 229.00 93.00 322.00 NOTE

Check Details

Version: 0.1.1
Check: LazyData
Result: NOTE
     'LazyData' is specified without a 'data' directory
Flavors: r-devel-linux-x86_64-debian-clang, r-devel-linux-x86_64-debian-gcc, r-devel-linux-x86_64-fedora-clang, r-devel-linux-x86_64-fedora-gcc, r-devel-windows-x86_64, r-patched-linux-x86_64, r-release-linux-x86_64, r-release-macos-arm64, r-release-macos-x86_64, r-release-windows-x86_64, r-oldrel-macos-arm64, r-oldrel-macos-x86_64, r-oldrel-windows-ix86+x86_64