CRAN Package Check Results for Package wk

Last updated on 2022-12-06 04:52:02 CET.

Flavor Version Tinstall Tcheck Ttotal Status Flags
r-devel-linux-x86_64-debian-clang 0.7.0 21.27 87.12 108.39 OK
r-devel-linux-x86_64-debian-gcc 0.7.0 16.82 65.16 81.98 ERROR
r-devel-linux-x86_64-fedora-clang 0.7.0 155.52 ERROR
r-devel-linux-x86_64-fedora-gcc 0.7.0 142.25 ERROR
r-devel-windows-x86_64 0.7.0 357.00 144.00 501.00 ERROR
r-patched-linux-x86_64 0.7.0 22.13 80.16 102.29 OK
r-release-linux-x86_64 0.7.0 20.64 80.82 101.46 OK
r-release-macos-arm64 0.7.0 49.00 NOTE
r-release-macos-x86_64 0.7.0 75.00 NOTE
r-release-windows-x86_64 0.7.0 462.00 132.00 594.00 OK
r-oldrel-macos-arm64 0.7.0 46.00 NOTE
r-oldrel-macos-x86_64 0.7.0 79.00 NOTE
r-oldrel-windows-ix86+x86_64 0.7.0 70.00 167.00 237.00 OK

Check Details

Version: 0.7.0
Check: compiled code
Result: WARN
    File ‘wk/libs/wk.so’:
     Found ‘__sprintf_chk’, possibly from ‘sprintf’ (C)
     Object: ‘void-handler.o’
    
    Compiled code should not call entry points which might terminate R nor
    write to stdout/stderr instead of to the console, nor use Fortran I/O
    nor system RNGs nor [v]sprintf.
    
    See ‘Writing portable packages’ in the ‘Writing R Extensions’ manual.
Flavors: r-devel-linux-x86_64-debian-gcc, r-devel-linux-x86_64-fedora-gcc

Version: 0.7.0
Check: tests
Result: ERROR
     Running ‘testthat.R’ [22s/32s]
    Running the tests in ‘tests/testthat.R’ failed.
    Complete output:
     > library(testthat)
     > library(wk)
     >
     > test_check("wk")
     [ FAIL 1 | WARN 0 | SKIP 0 | PASS 1610 ]
    
     ══ Failed tests ════════════════════════════════════════════════════════════════
     ── Failure ('test-wk-vctr.R:31'): wk_vctr class works ──────────────────────────
     `as.data.frame(x)` did not throw the expected error.
    
     [ FAIL 1 | WARN 0 | SKIP 0 | PASS 1610 ]
     Error: Test failures
     Execution halted
Flavor: r-devel-linux-x86_64-debian-gcc

Version: 0.7.0
Check: data for non-ASCII characters
Result: NOTE
     Note: found 3984 marked UTF-8 strings
Flavors: r-devel-linux-x86_64-fedora-clang, r-devel-linux-x86_64-fedora-gcc, r-release-macos-arm64, r-release-macos-x86_64, r-oldrel-macos-arm64, r-oldrel-macos-x86_64

Version: 0.7.0
Check: compiled code
Result: WARN
    File ‘wk/libs/wk.so’:
     Found ‘sprintf’, possibly from ‘sprintf’ (C)
     Object: ‘void-handler.o’
    
    Compiled code should not call entry points which might terminate R nor
    write to stdout/stderr instead of to the console, nor use Fortran I/O
    nor system RNGs nor [v]sprintf.
    
    See ‘Writing portable packages’ in the ‘Writing R Extensions’ manual.
Flavor: r-devel-linux-x86_64-fedora-clang

Version: 0.7.0
Check: tests
Result: ERROR
     Running ‘testthat.R’ [39s/139s]
    Running the tests in ‘tests/testthat.R’ failed.
    Complete output:
     > library(testthat)
     > library(wk)
     >
     > test_check("wk")
     [ FAIL 1 | WARN 0 | SKIP 0 | PASS 1610 ]
    
     ══ Failed tests ════════════════════════════════════════════════════════════════
     ── Failure ('test-wk-vctr.R:31'): wk_vctr class works ──────────────────────────
     `as.data.frame(x)` did not throw the expected error.
    
     [ FAIL 1 | WARN 0 | SKIP 0 | PASS 1610 ]
     Error: Test failures
     Execution halted
Flavor: r-devel-linux-x86_64-fedora-clang

Version: 0.7.0
Check: tests
Result: ERROR
     Running ‘testthat.R’ [36s/43s]
    Running the tests in ‘tests/testthat.R’ failed.
    Complete output:
     > library(testthat)
     > library(wk)
     >
     > test_check("wk")
     [ FAIL 1 | WARN 0 | SKIP 0 | PASS 1610 ]
    
     ══ Failed tests ════════════════════════════════════════════════════════════════
     ── Failure ('test-wk-vctr.R:31'): wk_vctr class works ──────────────────────────
     `as.data.frame(x)` did not throw the expected error.
    
     [ FAIL 1 | WARN 0 | SKIP 0 | PASS 1610 ]
     Error: Test failures
     Execution halted
Flavor: r-devel-linux-x86_64-fedora-gcc

Version: 0.7.0
Check: tests
Result: ERROR
     Running 'testthat.R' [31s]
    Running the tests in 'tests/testthat.R' failed.
    Complete output:
     > library(testthat)
     > library(wk)
     >
     > test_check("wk")
     [ FAIL 1 | WARN 0 | SKIP 0 | PASS 1610 ]
    
     ══ Failed tests ════════════════════════════════════════════════════════════════
     ── Failure ('test-wk-vctr.R:31'): wk_vctr class works ──────────────────────────
     `as.data.frame(x)` did not throw the expected error.
    
     [ FAIL 1 | WARN 0 | SKIP 0 | PASS 1610 ]
     Error: Test failures
     Execution halted
Flavor: r-devel-windows-x86_64