CRAN Package Check Results for Package wildviz

Last updated on 2022-01-23 12:59:57 CET.

Flavor Version Tinstall Tcheck Ttotal Status Flags
r-devel-linux-x86_64-debian-clang 0.1.2 38.33 84.79 123.12 OK
r-devel-linux-x86_64-debian-gcc 0.1.2 40.01 71.62 111.63 OK
r-devel-linux-x86_64-fedora-clang 0.1.2 165.48 NOTE
r-devel-linux-x86_64-fedora-gcc 0.1.2 153.45 NOTE
r-devel-windows-x86_64-new-UL 0.1.2 55.00 109.00 164.00 OK
r-devel-windows-x86_64-new-TK 0.1.2 NOTE
r-patched-linux-x86_64 0.1.2 38.98 79.08 118.06 OK
r-release-linux-x86_64 0.1.2 33.62 79.55 113.17 OK
r-release-macos-arm64 0.1.2 NOTE
r-release-macos-x86_64 0.1.2 NOTE
r-release-windows-ix86+x86_64 0.1.2 66.00 99.00 165.00 OK
r-oldrel-macos-x86_64 0.1.2 NOTE
r-oldrel-windows-ix86+x86_64 0.1.2 68.00 98.00 166.00 OK

Check Details

Version: 0.1.2
Check: dependencies in R code
Result: NOTE
    Namespaces in Imports field not imported from:
     ‘ggplot2’ ‘ggthemes’ ‘plotly’ ‘shinythemes’
     All declared Imports should be used.
Flavors: r-devel-linux-x86_64-fedora-clang, r-devel-linux-x86_64-fedora-gcc, r-devel-windows-x86_64-new-TK, r-release-macos-arm64, r-release-macos-x86_64, r-oldrel-macos-x86_64

Version: 0.1.2
Check: installed package size
Result: NOTE
     installed size is 5.5Mb
     sub-directories of 1Mb or more:
     data 5.1Mb
Flavor: r-release-macos-arm64