CRAN Package Check Results for Package whitestrap

Last updated on 2022-01-23 00:57:29 CET.

Flavor Version Tinstall Tcheck Ttotal Status Flags
r-devel-linux-x86_64-debian-clang 0.0.1 2.08 42.38 44.46 NOTE
r-devel-linux-x86_64-debian-gcc 0.0.1 1.49 32.16 33.65 NOTE
r-devel-linux-x86_64-fedora-clang 0.0.1 53.10 NOTE
r-devel-linux-x86_64-fedora-gcc 0.0.1 41.92 NOTE
r-devel-windows-x86_64-new-UL 0.0.1 27.00 59.00 86.00 NOTE
r-devel-windows-x86_64-new-TK 0.0.1 NOTE
r-patched-linux-x86_64 0.0.1 1.39 40.16 41.55 NOTE
r-release-linux-x86_64 0.0.1 1.41 40.21 41.62 NOTE
r-release-macos-arm64 0.0.1 NOTE
r-release-macos-x86_64 0.0.1 NOTE
r-release-windows-ix86+x86_64 0.0.1 5.00 52.00 57.00 NOTE
r-oldrel-macos-x86_64 0.0.1 OK
r-oldrel-windows-ix86+x86_64 0.0.1 5.00 51.00 56.00 OK

Check Details

Version: 0.0.1
Check: LazyData
Result: NOTE
     'LazyData' is specified without a 'data' directory
Flavors: r-devel-linux-x86_64-debian-clang, r-devel-linux-x86_64-debian-gcc, r-devel-linux-x86_64-fedora-clang, r-devel-linux-x86_64-fedora-gcc, r-devel-windows-x86_64-new-UL, r-devel-windows-x86_64-new-TK, r-patched-linux-x86_64, r-release-linux-x86_64, r-release-macos-arm64, r-release-macos-x86_64, r-release-windows-ix86+x86_64