CRAN Package Check Results for Package whereport

Last updated on 2023-02-05 04:51:25 CET.

Flavor Version Tinstall Tcheck Ttotal Status Flags
r-devel-linux-x86_64-debian-clang 0.1 2.10 24.77 26.87 OK
r-devel-linux-x86_64-debian-gcc 0.1 1.88 19.37 21.25 OK
r-devel-linux-x86_64-fedora-clang 0.1 35.04 NOTE
r-devel-linux-x86_64-fedora-gcc 0.1 35.48 NOTE
r-devel-windows-x86_64 0.1 18.00 54.00 72.00 OK
r-patched-linux-x86_64 0.1 2.17 25.81 27.98 OK
r-release-linux-x86_64 0.1 1.94 24.68 26.62 OK
r-release-macos-arm64 0.1 15.00 NOTE
r-release-macos-x86_64 0.1 28.00 NOTE
r-release-windows-x86_64 0.1 11.00 57.00 68.00 OK
r-oldrel-macos-arm64 0.1 21.00 NOTE
r-oldrel-macos-x86_64 0.1 23.00 NOTE
r-oldrel-windows-ix86+x86_64 0.1 5.00 50.00 55.00 OK

Check Details

Version: 0.1
Check: data for non-ASCII characters
Result: NOTE
     Note: found 4102 marked UTF-8 strings
Flavors: r-devel-linux-x86_64-fedora-clang, r-devel-linux-x86_64-fedora-gcc, r-release-macos-arm64, r-release-macos-x86_64, r-oldrel-macos-arm64, r-oldrel-macos-x86_64