CRAN Package Check Results for Package whereami

Last updated on 2022-01-27 12:54:08 CET.

Flavor Version Tinstall Tcheck Ttotal Status Flags
r-devel-linux-x86_64-debian-clang 0.1.9 2.02 46.74 48.76 NOTE
r-devel-linux-x86_64-debian-gcc 0.1.9 1.99 36.82 38.81 NOTE
r-devel-linux-x86_64-fedora-clang 0.1.9 60.70 NOTE
r-devel-linux-x86_64-fedora-gcc 0.1.9 48.48 NOTE
r-devel-windows-x86_64-new-UL 0.1.9 38.00 78.00 116.00 NOTE
r-devel-windows-x86_64-new-TK 0.1.9 NOTE
r-patched-linux-x86_64 0.1.9 2.18 46.66 48.84 NOTE
r-release-linux-x86_64 0.1.9 2.17 46.73 48.90 NOTE
r-release-macos-arm64 0.1.9 NOTE
r-release-macos-x86_64 0.1.9 NOTE
r-release-windows-ix86+x86_64 0.1.9 7.00 60.00 67.00 NOTE
r-oldrel-macos-x86_64 0.1.9 OK
r-oldrel-windows-ix86+x86_64 0.1.9 6.00 60.00 66.00 OK

Check Details

Version: 0.1.9
Check: LazyData
Result: NOTE
     'LazyData' is specified without a 'data' directory
Flavors: r-devel-linux-x86_64-debian-clang, r-devel-linux-x86_64-debian-gcc, r-devel-linux-x86_64-fedora-clang, r-devel-linux-x86_64-fedora-gcc, r-devel-windows-x86_64-new-UL, r-devel-windows-x86_64-new-TK, r-patched-linux-x86_64, r-release-linux-x86_64, r-release-macos-arm64, r-release-macos-x86_64, r-release-windows-ix86+x86_64