CRAN Package Check Results for Package wflo

Last updated on 2021-09-25 16:49:45 CEST.

Flavor Version Tinstall Tcheck Ttotal Status Flags
r-devel-linux-x86_64-debian-clang 1.6 4.19 491.39 495.58 OK
r-devel-linux-x86_64-debian-gcc 1.6 4.60 355.73 360.33 OK
r-devel-linux-x86_64-fedora-clang 1.6 567.81 NOTE
r-devel-linux-x86_64-fedora-gcc 1.6 573.57 NOTE
r-devel-windows-x86_64 1.6 6.00 418.00 424.00 OK
r-devel-windows-x86_64-gcc10-UCRT 1.6 NOTE
r-patched-linux-x86_64 1.6 6.55 482.54 489.09 OK
r-patched-solaris-x86 1.6 613.10 NOTE
r-release-linux-x86_64 1.6 4.84 477.35 482.19 OK
r-release-macos-arm64 1.6 NOTE
r-release-macos-x86_64 1.6 NOTE
r-release-windows-ix86+x86_64 1.6 10.00 416.00 426.00 OK
r-oldrel-macos-x86_64 1.6 NOTE
r-oldrel-windows-ix86+x86_64 1.6 7.00 414.00 421.00 OK

Check Details

Version: 1.6
Check: dependencies in R code
Result: NOTE
    Namespace in Imports field not imported from: ‘rgdal’
     All declared Imports should be used.
Flavors: r-devel-linux-x86_64-fedora-clang, r-devel-linux-x86_64-fedora-gcc, r-devel-windows-x86_64-gcc10-UCRT, r-patched-solaris-x86, r-release-macos-arm64, r-release-macos-x86_64, r-oldrel-macos-x86_64