CRAN Package Check Results for Package wfe

Last updated on 2021-11-29 12:00:24 CET.

Flavor Version Tinstall Tcheck Ttotal Status Flags
r-devel-linux-x86_64-debian-clang 1.9.1 NOTE
r-devel-linux-x86_64-debian-gcc 1.9.1 12.97 61.61 74.58 NOTE
r-devel-linux-x86_64-fedora-clang 1.9.1 135.32 NOTE
r-devel-linux-x86_64-fedora-gcc 1.9.1 114.60 NOTE
r-devel-windows-x86_64-new-UL 1.9.1 26.00 116.00 142.00 NOTE
r-devel-windows-x86_64-new-TK 1.9.1 NOTE
r-devel-windows-x86_64-old 1.9.1 23.00 75.00 98.00 NOTE
r-patched-linux-x86_64 1.9.1 13.69 77.18 90.87 NOTE
r-patched-solaris-x86 1.9.1 161.80 NOTE
r-release-linux-x86_64 1.9.1 12.86 76.20 89.06 NOTE
r-release-macos-arm64 1.9.1 NOTE
r-release-macos-x86_64 1.9.1 NOTE
r-release-windows-ix86+x86_64 1.9.1 34.00 95.00 129.00 NOTE
r-oldrel-macos-x86_64 1.9.1 OK
r-oldrel-windows-ix86+x86_64 1.9.1 31.00 127.00 158.00 OK

Check Details

Version: 1.9.1
Check: LazyData
Result: NOTE
     'LazyData' is specified without a 'data' directory
Flavors: r-devel-linux-x86_64-debian-clang, r-devel-linux-x86_64-debian-gcc, r-devel-linux-x86_64-fedora-clang, r-devel-linux-x86_64-fedora-gcc, r-devel-windows-x86_64-new-UL, r-devel-windows-x86_64-new-TK, r-devel-windows-x86_64-old, r-patched-linux-x86_64, r-patched-solaris-x86, r-release-linux-x86_64, r-release-macos-arm64, r-release-macos-x86_64, r-release-windows-ix86+x86_64