CRAN Package Check Results for Package wellknown

Last updated on 2021-09-19 16:49:33 CEST.

Flavor Version Tinstall Tcheck Ttotal Status Flags
r-devel-linux-x86_64-debian-clang 0.7.4 197.19 42.07 239.26 OK
r-devel-linux-x86_64-debian-gcc 0.7.4 129.22 62.69 191.91 OK
r-devel-linux-x86_64-fedora-clang 0.7.4 332.50 NOTE
r-devel-linux-x86_64-fedora-gcc 0.7.4 292.05 OK
r-devel-windows-x86_64 0.7.4 164.00 77.00 241.00 OK
r-devel-windows-x86_64-gcc10-UCRT 0.7.4 ERROR
r-patched-linux-x86_64 0.7.4 154.49 40.55 195.04 OK
r-patched-solaris-x86 0.7.4 258.30 OK
r-release-linux-x86_64 0.7.4 156.10 40.60 196.70 OK
r-release-macos-arm64 0.7.4 NOTE
r-release-macos-x86_64 0.7.4 NOTE
r-release-windows-ix86+x86_64 0.7.4 396.00 78.00 474.00 OK
r-oldrel-macos-x86_64 0.7.4 NOTE
r-oldrel-windows-ix86+x86_64 0.7.4 384.00 77.00 461.00 OK

Check Details

Version: 0.7.4
Check: installed package size
Result: NOTE
     installed size is 14.1Mb
     sub-directories of 1Mb or more:
     libs 13.8Mb
Flavors: r-devel-linux-x86_64-fedora-clang, r-release-macos-arm64, r-release-macos-x86_64, r-oldrel-macos-x86_64

Version: 0.7.4
Check: whether package can be installed
Result: ERROR
    Installation failed.
Flavor: r-devel-windows-x86_64-gcc10-UCRT