CRAN Package Check Results for Package webreadr

Last updated on 2021-10-20 04:55:38 CEST.

Flavor Version Tinstall Tcheck Ttotal Status Flags
r-devel-linux-x86_64-debian-clang 0.4.0 18.62 42.56 61.18 OK
r-devel-linux-x86_64-debian-gcc 0.4.0 14.06 32.54 46.60 OK
r-devel-linux-x86_64-fedora-clang 0.4.0 94.79 NOTE
r-devel-linux-x86_64-fedora-gcc 0.4.0 78.31 NOTE
r-devel-windows-x86_64 0.4.0 29.00 63.00 92.00 OK
r-devel-windows-x86_64-gcc10-UCRT 0.4.0 OK
r-patched-linux-x86_64 0.4.0 18.59 38.58 57.17 OK
r-patched-solaris-x86 0.4.0 102.00 NOTE
r-release-linux-x86_64 0.4.0 16.31 38.65 54.96 OK
r-release-macos-arm64 0.4.0 OK
r-release-macos-x86_64 0.4.0 OK
r-release-windows-ix86+x86_64 0.4.0 49.00 94.00 143.00 OK
r-oldrel-macos-x86_64 0.4.0 OK
r-oldrel-windows-ix86+x86_64 0.4.0 57.00 96.00 153.00 OK

Check Details

Version: 0.4.0
Check: compiled code
Result: NOTE
    File ‘webreadr/libs/webreadr.so’:
     Found no calls to: ‘R_registerRoutines’, ‘R_useDynamicSymbols’
    
    It is good practice to register native routines and to disable symbol
    search.
    
    See ‘Writing portable packages’ in the ‘Writing R Extensions’ manual.
Flavors: r-devel-linux-x86_64-fedora-clang, r-devel-linux-x86_64-fedora-gcc

Version: 0.4.0
Check: package dependencies
Result: NOTE
    Package suggested but not available for checking: ‘iptools’
Flavor: r-patched-solaris-x86