CRAN Package Check Results for Package webfakes

Last updated on 2021-09-20 04:58:47 CEST.

Flavor Version Tinstall Tcheck Ttotal Status Flags
r-devel-linux-x86_64-debian-clang 1.1.3 11.93 53.20 65.13 OK
r-devel-linux-x86_64-debian-gcc 1.1.3 8.07 40.67 48.74 OK
r-devel-linux-x86_64-fedora-clang 1.1.3 86.90 OK
r-devel-linux-x86_64-fedora-gcc 1.1.3 73.06 OK
r-devel-windows-x86_64 1.1.3 16.00 61.00 77.00 OK
r-devel-windows-x86_64-gcc10-UCRT 1.1.3 ERROR
r-patched-linux-x86_64 1.1.3 9.14 51.87 61.01 OK
r-patched-solaris-x86 1.1.3 107.80 OK
r-release-linux-x86_64 1.1.3 8.91 51.26 60.17 OK
r-release-macos-arm64 1.1.3 OK
r-release-macos-x86_64 1.1.3 OK
r-release-windows-ix86+x86_64 1.1.3 32.00 85.00 117.00 OK
r-oldrel-macos-x86_64 1.1.3 OK
r-oldrel-windows-ix86+x86_64 1.1.3 31.00 82.00 113.00 OK

Check Details

Version: 1.1.3
Check: whether package can be installed
Result: ERROR
    Installation failed.
Flavor: r-devel-windows-x86_64-gcc10-UCRT