CRAN Package Check Results for Package wdnr.gis

Last updated on 2022-07-04 05:50:21 CEST.

Flavor Version Tinstall Tcheck Ttotal Status Flags
r-devel-linux-x86_64-debian-clang 0.1.3 8.01 78.79 86.80 OK
r-devel-linux-x86_64-debian-gcc 0.1.3 6.76 58.68 65.44 OK
r-devel-linux-x86_64-fedora-clang 0.1.3 108.06 NOTE
r-devel-linux-x86_64-fedora-gcc 0.1.3 108.79 NOTE
r-devel-windows-x86_64 0.1.3 20.00 106.00 126.00 OK
r-patched-linux-x86_64 0.1.3 14.27 73.58 87.85 OK
r-release-linux-x86_64 0.1.3 7.15 73.93 81.08 OK
r-release-macos-arm64 0.1.3 30.00 NOTE
r-release-macos-x86_64 0.1.3 52.00 NOTE
r-release-windows-x86_64 0.1.3 31.00 110.00 141.00 OK
r-oldrel-macos-arm64 0.1.3 30.00 NOTE
r-oldrel-macos-x86_64 0.1.3 40.00 NOTE
r-oldrel-windows-ix86+x86_64 0.1.3 19.00 97.00 116.00 OK

Check Details

Version: 0.1.3
Check: dependencies in R code
Result: NOTE
    Namespaces in Imports field not imported from:
     ‘ggplot2’ ‘httr’ ‘jsonlite’
     All declared Imports should be used.
Flavors: r-devel-linux-x86_64-fedora-clang, r-devel-linux-x86_64-fedora-gcc, r-release-macos-arm64, r-release-macos-x86_64, r-oldrel-macos-arm64, r-oldrel-macos-x86_64