CRAN Package Check Results for Package waver

Last updated on 2023-03-30 05:49:35 CEST.

Flavor Version Tinstall Tcheck Ttotal Status Flags
r-devel-linux-x86_64-debian-clang 0.2.1 4.50 45.72 50.22 NOTE
r-devel-linux-x86_64-debian-gcc 0.2.1 3.51 35.20 38.71 NOTE
r-devel-linux-x86_64-fedora-clang 0.2.1 60.96 NOTE
r-devel-linux-x86_64-fedora-gcc 0.2.1 57.02 NOTE
r-patched-linux-x86_64 0.2.1 3.91 44.20 48.11 NOTE
r-release-linux-x86_64 0.2.1 3.00 45.67 48.67 NOTE
r-release-macos-arm64 0.2.1 22.00 NOTE
r-release-macos-x86_64 0.2.1 29.00 NOTE
r-release-windows-x86_64 0.2.1 10.00 71.00 81.00 NOTE
r-oldrel-macos-arm64 0.2.1 25.00 NOTE
r-oldrel-macos-x86_64 0.2.1 47.00 NOTE
r-oldrel-windows-ix86+x86_64 0.2.1 10.00 72.00 82.00 NOTE

Check Details

Version: 0.2.1
Check: LazyData
Result: NOTE
     'LazyData' is specified without a 'data' directory
Flavors: r-devel-linux-x86_64-debian-clang, r-devel-linux-x86_64-debian-gcc, r-devel-linux-x86_64-fedora-clang, r-devel-linux-x86_64-fedora-gcc, r-patched-linux-x86_64, r-release-linux-x86_64, r-release-macos-arm64, r-release-macos-x86_64, r-release-windows-x86_64, r-oldrel-macos-arm64, r-oldrel-macos-x86_64, r-oldrel-windows-ix86+x86_64