CRAN Package Check Results for Package watson

Last updated on 2025-01-16 07:50:34 CET.

Flavor Version Tinstall Tcheck Ttotal Status Flags
r-devel-linux-x86_64-debian-clang 0.5 54.02 40.22 94.24 OK
r-devel-linux-x86_64-debian-gcc 0.5 39.73 32.82 72.55 OK
r-devel-linux-x86_64-fedora-clang 0.5 170.34 OK
r-devel-linux-x86_64-fedora-gcc 0.5 188.34 OK
r-devel-windows-x86_64 0.5 56.00 85.00 141.00 OK
r-patched-linux-x86_64 0.5 56.93 49.99 106.92 OK
r-release-linux-x86_64 0.5 55.93 51.65 107.58 OK
r-release-macos-arm64 0.5 40.00 NOTE
r-release-macos-x86_64 0.5 63.00 NOTE
r-release-windows-x86_64 0.5 58.00 79.00 137.00 OK
r-oldrel-macos-arm64 0.5 40.00 NOTE
r-oldrel-macos-x86_64 0.5 66.00 NOTE
r-oldrel-windows-x86_64 0.5 62.00 87.00 149.00 OK

Check Details

Version: 0.5
Check: installed package size
Result: NOTE installed size is 5.7Mb sub-directories of 1Mb or more: libs 5.6Mb Flavors: r-release-macos-arm64, r-release-macos-x86_64, r-oldrel-macos-arm64, r-oldrel-macos-x86_64