CRAN Package Check Results for Package watson

Last updated on 2024-06-24 18:55:52 CEST.

Flavor Version Tinstall Tcheck Ttotal Status Flags
r-devel-linux-x86_64-debian-clang 0.4 83.53 30.67 114.20 OK
r-devel-linux-x86_64-debian-gcc 0.4 58.31 23.68 81.99 OK
r-devel-linux-x86_64-fedora-clang 0.4 166.64 OK
r-devel-linux-x86_64-fedora-gcc 0.4 178.05 OK
r-devel-windows-x86_64 0.4 69.00 65.00 134.00 OK
r-patched-linux-x86_64 0.4 71.96 29.64 101.60 OK
r-release-linux-x86_64 0.4 72.29 29.41 101.70 OK
r-release-macos-arm64 0.4 35.00 NOTE
r-release-macos-x86_64 0.4 63.00 NOTE
r-release-windows-x86_64 0.4 68.00 68.00 136.00 OK
r-oldrel-macos-arm64 0.4 44.00 NOTE
r-oldrel-macos-x86_64 0.4 56.00 NOTE
r-oldrel-windows-x86_64 0.4 81.00 77.00 158.00 OK

Check Details

Version: 0.4
Check: installed package size
Result: NOTE installed size is 5.6Mb sub-directories of 1Mb or more: libs 5.5Mb Flavors: r-release-macos-arm64, r-release-macos-x86_64, r-oldrel-macos-arm64, r-oldrel-macos-x86_64