CRAN Package Check Results for Package waspr

Last updated on 2022-01-29 00:48:59 CET.

Flavor Version Tinstall Tcheck Ttotal Status Flags
r-devel-linux-x86_64-debian-clang 1.0.0 40.01 58.03 98.04 OK
r-devel-linux-x86_64-debian-gcc 1.0.0 32.02 56.12 88.14 OK
r-devel-linux-x86_64-fedora-clang 1.0.0 134.34 NOTE
r-devel-linux-x86_64-fedora-gcc 1.0.0 129.26 NOTE
r-devel-windows-x86_64-new-UL 1.0.0 50.00 125.00 175.00 OK
r-devel-windows-x86_64-new-TK 1.0.0 NOTE
r-patched-linux-x86_64 1.0.0 36.95 64.87 101.82 OK
r-release-linux-x86_64 1.0.0 37.11 64.39 101.50 OK
r-release-macos-arm64 1.0.0 NOTE
r-release-macos-x86_64 1.0.0 NOTE
r-release-windows-ix86+x86_64 1.0.0 107.00 125.00 232.00 OK
r-oldrel-macos-x86_64 1.0.0 NOTE
r-oldrel-windows-ix86+x86_64 1.0.0 106.00 125.00 231.00 OK

Check Details

Version: 1.0.0
Check: dependencies in R code
Result: NOTE
    Namespace in Imports field not imported from: ‘methods’
     All declared Imports should be used.
Flavors: r-devel-linux-x86_64-fedora-clang, r-devel-linux-x86_64-fedora-gcc, r-devel-windows-x86_64-new-TK, r-release-macos-arm64, r-release-macos-x86_64, r-oldrel-macos-x86_64