Last updated on 2023-02-04 04:54:09 CET.
Flavor | Version | Tinstall | Tcheck | Ttotal | Status | Flags |
---|---|---|---|---|---|---|
r-devel-linux-x86_64-debian-clang | 0.2.0 | 5.85 | 61.11 | 66.96 | NOTE | |
r-devel-linux-x86_64-debian-gcc | 0.2.0 | 4.02 | 46.45 | 50.47 | NOTE | |
r-devel-linux-x86_64-fedora-clang | 0.2.0 | 84.83 | NOTE | |||
r-devel-linux-x86_64-fedora-gcc | 0.2.0 | 93.96 | NOTE | |||
r-devel-windows-x86_64 | 0.2.0 | 27.00 | 91.00 | 118.00 | NOTE | |
r-patched-linux-x86_64 | 0.2.0 | 4.68 | 54.45 | 59.13 | NOTE | |
r-release-linux-x86_64 | 0.2.0 | 4.52 | 54.41 | 58.93 | NOTE | |
r-release-macos-arm64 | 0.2.0 | 27.00 | NOTE | |||
r-release-macos-x86_64 | 0.2.0 | 44.00 | NOTE | |||
r-release-windows-x86_64 | 0.2.0 | 16.00 | 90.00 | 106.00 | NOTE | |
r-oldrel-macos-arm64 | 0.2.0 | 34.00 | NOTE | |||
r-oldrel-macos-x86_64 | 0.2.0 | 61.00 | NOTE | |||
r-oldrel-windows-ix86+x86_64 | 0.2.0 | 19.00 | 137.00 | 156.00 | NOTE |
Version: 0.2.0
Check: LazyData
Result: NOTE
'LazyData' is specified without a 'data' directory
Flavors: r-devel-linux-x86_64-debian-clang, r-devel-linux-x86_64-debian-gcc, r-devel-linux-x86_64-fedora-clang, r-devel-linux-x86_64-fedora-gcc, r-devel-windows-x86_64, r-patched-linux-x86_64, r-release-linux-x86_64, r-release-macos-arm64, r-release-macos-x86_64, r-release-windows-x86_64, r-oldrel-macos-arm64, r-oldrel-macos-x86_64, r-oldrel-windows-ix86+x86_64