CRAN Package Check Results for Package warbleR

Last updated on 2021-06-20 09:50:13 CEST.

Flavor Version Tinstall Tcheck Ttotal Status Flags
r-devel-linux-x86_64-debian-clang 1.1.26 52.27 226.24 278.51 OK
r-devel-linux-x86_64-debian-gcc 1.1.26 34.92 161.73 196.65 OK
r-devel-linux-x86_64-fedora-clang 1.1.26 344.23 NOTE
r-devel-linux-x86_64-fedora-gcc 1.1.26 329.86 NOTE
r-devel-windows-x86_64 1.1.26 67.00 207.00 274.00 NOTE
r-devel-windows-x86_64-gcc10-UCRT 1.1.26 WARN
r-patched-linux-x86_64 1.1.26 43.40 214.95 258.35 OK
r-patched-solaris-x86 1.1.26 358.60 NOTE
r-release-linux-x86_64 1.1.26 43.56 215.65 259.21 OK
r-release-macos-arm64 1.1.26 NOTE
r-release-macos-x86_64 1.1.26 NOTE
r-release-windows-ix86+x86_64 1.1.26 88.00 360.00 448.00 NOTE
r-oldrel-macos-x86_64 1.1.26 NOTE
r-oldrel-windows-ix86+x86_64 1.1.26 64.00 364.00 428.00 NOTE

Check Details

Version: 1.1.26
Check: installed package size
Result: NOTE
     installed size is 7.7Mb
     sub-directories of 1Mb or more:
     R 1.1Mb
     doc 5.5Mb
Flavors: r-devel-linux-x86_64-fedora-clang, r-devel-windows-x86_64, r-patched-solaris-x86, r-release-macos-arm64, r-release-macos-x86_64, r-release-windows-ix86+x86_64, r-oldrel-macos-x86_64, r-oldrel-windows-ix86+x86_64

Version: 1.1.26
Check: dependencies in R code
Result: NOTE
    Namespace in Imports field not imported from: ‘stringi’
     All declared Imports should be used.
Flavors: r-devel-linux-x86_64-fedora-clang, r-devel-linux-x86_64-fedora-gcc, r-devel-windows-x86_64-gcc10-UCRT, r-patched-solaris-x86, r-release-macos-arm64, r-release-macos-x86_64, r-oldrel-macos-x86_64

Version: 1.1.26
Check: package dependencies
Result: NOTE
    Package suggested but not available for checking: 'kableExtra'
Flavor: r-devel-windows-x86_64-gcc10-UCRT

Version: 1.1.26
Check: re-building of vignette outputs
Result: WARN
    Error(s) in re-building vignettes:
    --- re-building 'Intro_to_warbleR.Rmd' using rmarkdown
    Loading required package: tuneR
    Loading required package: seewave
    Loading required package: NatureSounds
    Loading required package: knitr
    
    NOTE: functions have been renamed (run 'print(new_function_names)' to see new names). Both old and new names are available in this version
     Please see citation('warbleR') for use in publication
    Quitting from lines 116-127 (Intro_to_warbleR.Rmd)
    Error: processing vignette 'Intro_to_warbleR.Rmd' failed with diagnostics:
    there is no package called 'kableExtra'
    --- failed re-building 'Intro_to_warbleR.Rmd'
    
    --- re-building 'warbleR_workflow_01.Rmd' using rmarkdown
    Loading required package: tuneR
    Loading required package: seewave
    Loading required package: NatureSounds
    Loading required package: knitr
    
    NOTE: functions have been renamed (run 'print(new_function_names)' to see new names). Both old and new names are available in this version
     Please see citation('warbleR') for use in publication
    --- finished re-building 'warbleR_workflow_01.Rmd'
    
    --- re-building 'warbleR_workflow_02.Rmd' using rmarkdown
    Loading required package: tuneR
    Loading required package: seewave
    Loading required package: NatureSounds
    Loading required package: knitr
    
    NOTE: functions have been renamed (run 'print(new_function_names)' to see new names). Both old and new names are available in this version
     Please see citation('warbleR') for use in publication
    --- finished re-building 'warbleR_workflow_02.Rmd'
    
    --- re-building 'warbleR_workflow_03.Rmd' using rmarkdown
    Loading required package: tuneR
    Loading required package: seewave
    Loading required package: NatureSounds
    Loading required package: knitr
    
    NOTE: functions have been renamed (run 'print(new_function_names)' to see new names). Both old and new names are available in this version
     Please see citation('warbleR') for use in publication
    --- finished re-building 'warbleR_workflow_03.Rmd'
    
    SUMMARY: processing the following file failed:
     'Intro_to_warbleR.Rmd'
    
    Error: Vignette re-building failed.
    Execution halted
Flavor: r-devel-windows-x86_64-gcc10-UCRT