CRAN Package Check Results for Package warabandi

Last updated on 2022-08-12 09:52:17 CEST.

Flavor Version Tinstall Tcheck Ttotal Status Flags
r-devel-linux-x86_64-debian-clang 0.1.0 2.04 30.72 32.76 OK
r-devel-linux-x86_64-debian-gcc 0.1.0 1.96 23.83 25.79 OK
r-devel-linux-x86_64-fedora-clang 0.1.0 53.34 NOTE
r-devel-linux-x86_64-fedora-gcc 0.1.0 52.03 NOTE
r-devel-windows-x86_64 0.1.0 11.00 61.00 72.00 OK
r-patched-linux-x86_64 0.1.0 2.32 29.94 32.26 OK
r-release-linux-x86_64 0.1.0 2.05 29.79 31.84 OK
r-release-macos-arm64 0.1.0 19.00 NOTE
r-release-macos-x86_64 0.1.0 25.00 NOTE
r-release-windows-x86_64 0.1.0 9.00 58.00 67.00 OK
r-oldrel-macos-arm64 0.1.0 20.00 NOTE
r-oldrel-macos-x86_64 0.1.0 23.00 NOTE
r-oldrel-windows-ix86+x86_64 0.1.0 8.00 47.00 55.00 OK

Check Details

Version: 0.1.0
Check: dependencies in R code
Result: NOTE
    Namespace in Imports field not imported from: ‘flextable’
     All declared Imports should be used.
Flavors: r-devel-linux-x86_64-fedora-clang, r-devel-linux-x86_64-fedora-gcc, r-release-macos-arm64, r-release-macos-x86_64, r-oldrel-macos-arm64, r-oldrel-macos-x86_64