Last updated on 2023-03-30 05:49:35 CEST.
Flavor | Version | Tinstall | Tcheck | Ttotal | Status | Flags |
---|---|---|---|---|---|---|
r-devel-linux-x86_64-debian-clang | 0.7.0 | 5.05 | 47.38 | 52.43 | NOTE | |
r-devel-linux-x86_64-debian-gcc | 0.7.0 | 4.32 | 35.99 | 40.31 | NOTE | |
r-devel-linux-x86_64-fedora-clang | 0.7.0 | 66.30 | NOTE | |||
r-devel-linux-x86_64-fedora-gcc | 0.7.0 | 68.20 | NOTE | |||
r-patched-linux-x86_64 | 0.7.0 | 5.02 | 44.75 | 49.77 | NOTE | |
r-release-linux-x86_64 | 0.7.0 | 4.70 | 47.37 | 52.07 | OK | |
r-release-macos-arm64 | 0.7.0 | 25.00 | OK | |||
r-release-macos-x86_64 | 0.7.0 | 44.00 | OK | |||
r-release-windows-x86_64 | 0.7.0 | 9.00 | 75.00 | 84.00 | OK | |
r-oldrel-macos-arm64 | 0.7.0 | 30.00 | OK | |||
r-oldrel-macos-x86_64 | 0.7.0 | 38.00 | OK | |||
r-oldrel-windows-ix86+x86_64 | 0.7.0 | 14.00 | 75.00 | 89.00 | OK |
Version: 0.7.0
Check: package subdirectories
Result: NOTE
Problems with news in ‘NEWS.md’:
No news entries found.
Flavors: r-devel-linux-x86_64-debian-clang, r-devel-linux-x86_64-debian-gcc, r-devel-linux-x86_64-fedora-clang, r-devel-linux-x86_64-fedora-gcc, r-patched-linux-x86_64