CRAN Package Check Results for Package wCorr

Last updated on 2022-01-24 12:52:28 CET.

Flavor Version Tinstall Tcheck Ttotal Status Flags
r-devel-linux-x86_64-debian-clang 1.9.5 76.59 63.87 140.46 OK
r-devel-linux-x86_64-debian-gcc 1.9.5 52.46 49.30 101.76 OK
r-devel-linux-x86_64-fedora-clang 1.9.5 197.64 OK
r-devel-linux-x86_64-fedora-gcc 1.9.5 172.05 OK
r-devel-windows-x86_64-new-UL 1.9.5 76.00 159.00 235.00 OK
r-devel-windows-x86_64-new-TK 1.9.5 NOTE
r-patched-linux-x86_64 1.9.5 63.30 62.61 125.91 OK
r-release-linux-x86_64 1.9.5 60.80 61.93 122.73 OK
r-release-macos-arm64 1.9.5 OK
r-release-macos-x86_64 1.9.5 OK
r-release-windows-ix86+x86_64 1.9.5 182.00 117.00 299.00 OK
r-oldrel-macos-x86_64 1.9.5 OK
r-oldrel-windows-ix86+x86_64 1.9.5 182.00 121.00 303.00 OK

Check Details

Version: 1.9.5
Check: package dependencies
Result: NOTE
    Package suggested but not available for checking: 'doBy'
Flavor: r-devel-windows-x86_64-new-TK