CRAN Package Check Results for Package vsp

Last updated on 2022-10-04 11:50:27 CEST.

Flavor Version Tinstall Tcheck Ttotal Status Flags
r-devel-linux-x86_64-debian-clang 0.1.0 11.28 119.91 131.19 OK
r-devel-linux-x86_64-debian-gcc 0.1.0 8.76 88.59 97.35 OK
r-devel-linux-x86_64-fedora-clang 0.1.0 166.69 NOTE
r-devel-linux-x86_64-fedora-gcc 0.1.0 162.71 OK
r-devel-windows-x86_64 0.1.0 22.00 141.00 163.00 OK
r-patched-linux-x86_64 0.1.0 16.94 112.34 129.28 OK
r-release-linux-x86_64 0.1.0 11.06 110.89 121.95 OK
r-release-macos-arm64 0.1.0 46.00 OK
r-release-macos-x86_64 0.1.0 84.00 OK
r-release-windows-x86_64 0.1.0 32.00 142.00 174.00 OK
r-oldrel-macos-arm64 0.1.0 42.00 OK
r-oldrel-macos-x86_64 0.1.0 59.00 OK
r-oldrel-windows-ix86+x86_64 0.1.0 27.00 137.00 164.00 OK

Check Details

Version: 0.1.0
Check: Rd cross-references
Result: NOTE
    Undeclared package ‘progress’ in Rd xrefs
Flavor: r-devel-linux-x86_64-fedora-clang