CRAN Package Check Results for Package vortexR

Last updated on 2021-07-30 07:50:35 CEST.

Flavor Version Tinstall Tcheck Ttotal Status Flags
r-devel-linux-x86_64-debian-clang 1.1.7 OK
r-devel-linux-x86_64-debian-gcc 1.1.7 9.58 126.18 135.76 OK
r-devel-linux-x86_64-fedora-clang 1.1.7 219.78 OK
r-devel-linux-x86_64-fedora-gcc 1.1.7 206.53 OK
r-devel-windows-x86_64 1.1.7 16.00 197.00 213.00 OK
r-devel-windows-x86_64-gcc10-UCRT 1.1.7 OK
r-patched-linux-x86_64 1.1.7 OK
r-patched-solaris-x86 1.1.7 270.40 OK
r-release-linux-x86_64 1.1.7 12.47 160.99 173.46 OK
r-release-macos-arm64 1.1.7 ERROR
r-release-macos-x86_64 1.1.7 OK
r-release-windows-ix86+x86_64 1.1.7 26.00 143.00 169.00 OK
r-oldrel-macos-x86_64 1.1.7 OK
r-oldrel-windows-ix86+x86_64 1.1.7 33.00 197.00 230.00 OK

Check Details

Version: 1.1.7
Check: whether package can be installed
Result: ERROR
    Installation failed.
Flavor: r-release-macos-arm64