CRAN Package Check Results for Package volleystat

Last updated on 2022-10-04 11:50:27 CEST.

Flavor Version Tinstall Tcheck Ttotal Status Flags
r-devel-linux-x86_64-debian-clang 0.2.0 2.52 38.44 40.96 OK
r-devel-linux-x86_64-debian-gcc 0.2.0 2.17 30.23 32.40 OK
r-devel-linux-x86_64-fedora-clang 0.2.0 63.28 NOTE
r-devel-linux-x86_64-fedora-gcc 0.2.0 62.40 NOTE
r-devel-windows-x86_64 0.2.0 17.00 79.00 96.00 OK
r-patched-linux-x86_64 0.2.0 2.89 37.98 40.87 OK
r-release-linux-x86_64 0.2.0 2.12 38.04 40.16 OK
r-release-macos-arm64 0.2.0 22.00 NOTE
r-release-macos-x86_64 0.2.0 32.00 NOTE
r-release-windows-x86_64 0.2.0 27.00 74.00 101.00 OK
r-oldrel-macos-arm64 0.2.0 34.00 NOTE
r-oldrel-macos-x86_64 0.2.0 44.00 NOTE
r-oldrel-windows-ix86+x86_64 0.2.0 7.00 68.00 75.00 OK

Check Details

Version: 0.2.0
Check: data for non-ASCII characters
Result: NOTE
     Note: found 4954 marked UTF-8 strings
Flavors: r-devel-linux-x86_64-fedora-clang, r-devel-linux-x86_64-fedora-gcc, r-release-macos-arm64, r-release-macos-x86_64, r-oldrel-macos-arm64, r-oldrel-macos-x86_64