CRAN Package Check Results for Package vistributions

Last updated on 2021-07-30 19:50:31 CEST.

Flavor Version Tinstall Tcheck Ttotal Status Flags
r-devel-linux-x86_64-debian-clang 0.1.2 OK
r-devel-linux-x86_64-debian-gcc 0.1.2 4.67 62.64 67.31 OK
r-devel-linux-x86_64-fedora-clang 0.1.2 112.45 OK
r-devel-linux-x86_64-fedora-gcc 0.1.2 103.83 OK
r-devel-windows-x86_64 0.1.2 9.00 105.00 114.00 OK
r-devel-windows-x86_64-gcc10-UCRT 0.1.2 OK
r-patched-linux-x86_64 0.1.2 OK
r-patched-solaris-x86 0.1.2 134.00 OK
r-release-linux-x86_64 0.1.2 6.06 80.20 86.26 OK
r-release-macos-arm64 0.1.2 WARN
r-release-macos-x86_64 0.1.2 OK
r-release-windows-ix86+x86_64 0.1.2 14.00 79.00 93.00 OK
r-oldrel-macos-x86_64 0.1.2 OK
r-oldrel-windows-ix86+x86_64 0.1.2 10.00 104.00 114.00 OK

Check Details

Version: 0.1.2
Check: re-building of vignette outputs
Result: WARN
    Error(s) in re-building vignettes:
     ...
    --- re-building ‘introduction-to-vistributions.Rmd’ using rmarkdown
    Warning in engine$weave(file, quiet = quiet, encoding = enc) :
     Pandoc (>= 1.12.3) not available. Falling back to R Markdown v1.
    Quitting from lines 44-45 (introduction-to-vistributions.Rmd)
    Error: processing vignette 'introduction-to-vistributions.Rmd' failed with diagnostics:
    polygon edge not found
    --- failed re-building ‘introduction-to-vistributions.Rmd’
    
    SUMMARY: processing the following file failed:
     ‘introduction-to-vistributions.Rmd’
    
    Error: Vignette re-building failed.
    Execution halted
Flavor: r-release-macos-arm64