CRAN Package Check Results for Package viscomplexr

Last updated on 2021-06-18 21:53:37 CEST.

Flavor Version Tinstall Tcheck Ttotal Status Flags
r-devel-linux-x86_64-debian-clang 1.1.0 20.23 88.98 109.21 NOTE
r-devel-linux-x86_64-debian-gcc 1.1.0 13.41 70.26 83.67 NOTE
r-devel-linux-x86_64-fedora-clang 1.1.0 142.80 NOTE
r-devel-linux-x86_64-fedora-gcc 1.1.0 127.57 NOTE
r-devel-windows-x86_64 1.1.0 27.00 134.00 161.00 NOTE
r-devel-windows-x86_64-gcc10-UCRT 1.1.0 NOTE
r-patched-linux-x86_64 1.1.0 19.01 86.16 105.17 NOTE
r-patched-solaris-x86 1.1.0 205.80 NOTE
r-release-linux-x86_64 1.1.0 14.24 87.04 101.28 NOTE
r-release-macos-arm64 1.1.0 NOTE
r-release-macos-x86_64 1.1.0 NOTE
r-release-windows-ix86+x86_64 1.1.0 46.00 144.00 190.00 NOTE
r-oldrel-macos-x86_64 1.1.0 OK
r-oldrel-windows-ix86+x86_64 1.1.0 35.00 144.00 179.00 OK

Check Details

Version: 1.1.0
Check: LazyData
Result: NOTE
     'LazyData' is specified without a 'data' directory
Flavors: r-devel-linux-x86_64-debian-clang, r-devel-linux-x86_64-debian-gcc, r-devel-linux-x86_64-fedora-clang, r-devel-linux-x86_64-fedora-gcc, r-devel-windows-x86_64, r-devel-windows-x86_64-gcc10-UCRT, r-patched-linux-x86_64, r-patched-solaris-x86, r-release-linux-x86_64, r-release-macos-arm64, r-release-macos-x86_64, r-release-windows-ix86+x86_64