CRAN Package Check Results for Package viridis

Last updated on 2021-07-25 19:51:50 CEST.

Flavor Version Tinstall Tcheck Ttotal Status Flags
r-devel-linux-x86_64-debian-clang 0.6.1 4.71 72.37 77.08 OK
r-devel-linux-x86_64-debian-gcc 0.6.1 3.50 54.18 57.68 OK
r-devel-linux-x86_64-fedora-clang 0.6.1 97.03 NOTE
r-devel-windows-x86_64 0.6.1 8.00 59.00 67.00 OK --no-vignettes
r-devel-windows-x86_64-gcc10-UCRT 0.6.1 NOTE
r-patched-linux-x86_64 0.6.1 4.72 67.77 72.49 OK
r-patched-solaris-x86 0.6.1 130.90 NOTE
r-release-linux-x86_64 0.6.1 4.09 68.44 72.53 OK
r-release-macos-arm64 0.6.1 WARN
r-release-macos-x86_64 0.6.1 NOTE
r-release-windows-ix86+x86_64 0.6.1 12.00 52.00 64.00 OK --no-vignettes
r-oldrel-macos-x86_64 0.6.1 NOTE
r-oldrel-windows-ix86+x86_64 0.6.1 10.00 73.00 83.00 OK --no-vignettes

Check Details

Version: 0.6.1
Check: dependencies in R code
Result: NOTE
    Namespace in Imports field not imported from: ‘stats’
     All declared Imports should be used.
Flavors: r-devel-linux-x86_64-fedora-clang, r-devel-windows-x86_64-gcc10-UCRT, r-patched-solaris-x86, r-release-macos-arm64, r-release-macos-x86_64, r-oldrel-macos-x86_64

Version: 0.6.1
Check: package dependencies
Result: NOTE
    Package suggested but not available for checking: ‘rgdal’
Flavor: r-release-macos-arm64

Version: 0.6.1
Check: re-building of vignette outputs
Result: WARN
    Error(s) in re-building vignettes:
    --- re-building ‘intro-to-viridis.Rmd’ using rmarkdown
    Warning in engine$weave(file, quiet = quiet, encoding = enc) :
     Pandoc (>= 1.12.3) not available. Falling back to R Markdown v1.
    
    Attaching package: 'scales'
    
    The following object is masked from 'package:viridis':
    
     viridis_pal
    
    Loading required package: raster
    Loading required package: sp
    
    Attaching package: 'raster'
    
    The following object is masked from 'package:colorspace':
    
     RGB
    
    Loading required package: lattice
    Loading required package: latticeExtra
    
    Attaching package: 'latticeExtra'
    
    The following object is masked from 'package:ggplot2':
    
     layer
    
    Quitting from lines 251-260 (intro-to-viridis.Rmd)
    Error: processing vignette 'intro-to-viridis.Rmd' failed with diagnostics:
    Cannot create RasterLayer object from this file; perhaps you need to install rgdal first
    --- failed re-building ‘intro-to-viridis.Rmd’
    
    SUMMARY: processing the following file failed:
     ‘intro-to-viridis.Rmd’
    
    Error: Vignette re-building failed.
    Execution halted
Flavor: r-release-macos-arm64