CRAN Package Check Results for Package vip

Last updated on 2021-09-17 16:50:29 CEST.

Flavor Version Tinstall Tcheck Ttotal Status Flags
r-devel-linux-x86_64-debian-clang 0.3.2 3.84 178.30 182.14 NOTE
r-devel-linux-x86_64-debian-gcc 0.3.2 3.11 119.17 122.28 NOTE
r-devel-linux-x86_64-fedora-clang 0.3.2 184.44 NOTE
r-devel-linux-x86_64-fedora-gcc 0.3.2 169.76 NOTE
r-devel-windows-x86_64 0.3.2 6.00 183.00 189.00 NOTE
r-devel-windows-x86_64-gcc10-UCRT 0.3.2 NOTE
r-patched-linux-x86_64 0.3.2 4.87 160.21 165.08 NOTE
r-patched-solaris-x86 0.3.2 314.90 NOTE
r-release-linux-x86_64 0.3.2 4.26 154.52 158.78 NOTE
r-release-macos-arm64 0.3.2 NOTE
r-release-macos-x86_64 0.3.2 NOTE
r-release-windows-ix86+x86_64 0.3.2 8.00 137.00 145.00 NOTE
r-oldrel-macos-x86_64 0.3.2 OK
r-oldrel-windows-ix86+x86_64 0.3.2 9.00 140.00 149.00 OK

Check Details

Version: 0.3.2
Check: LazyData
Result: NOTE
     'LazyData' is specified without a 'data' directory
Flavors: r-devel-linux-x86_64-debian-clang, r-devel-linux-x86_64-debian-gcc, r-devel-linux-x86_64-fedora-clang, r-devel-linux-x86_64-fedora-gcc, r-devel-windows-x86_64, r-devel-windows-x86_64-gcc10-UCRT, r-patched-linux-x86_64, r-patched-solaris-x86, r-release-linux-x86_64, r-release-macos-arm64, r-release-macos-x86_64, r-release-windows-ix86+x86_64

Version: 0.3.2
Check: Rd cross-references
Result: NOTE
    Undeclared package ‘foreach’ in Rd xrefs
Flavor: r-devel-linux-x86_64-fedora-clang