CRAN Package Check Results for Package vinereg

Last updated on 2021-12-03 11:52:07 CET.

Flavor Version Tinstall Tcheck Ttotal Status Flags
r-devel-linux-x86_64-debian-clang 0.8.0 127.20 60.32 187.52 OK
r-devel-linux-x86_64-debian-gcc 0.8.0 114.50 47.21 161.71 OK
r-devel-linux-x86_64-fedora-clang 0.8.0 313.79 NOTE
r-devel-linux-x86_64-fedora-gcc 0.8.0 290.65 OK
r-devel-windows-x86_64-new-UL 0.8.0 111.00 129.00 240.00 NOTE
r-devel-windows-x86_64-new-TK 0.8.0 OK
r-devel-windows-x86_64-old 0.8.0 157.00 114.00 271.00 NOTE
r-patched-linux-x86_64 0.8.0 134.61 60.32 194.93 OK
r-patched-solaris-x86 0.8.0 260.80 OK
r-release-linux-x86_64 0.8.0 131.99 59.75 191.74 OK
r-release-macos-arm64 0.8.0 NOTE
r-release-macos-x86_64 0.8.0 NOTE
r-release-windows-ix86+x86_64 0.8.0 222.00 144.00 366.00 NOTE
r-oldrel-macos-x86_64 0.8.0 NOTE
r-oldrel-windows-ix86+x86_64 0.8.0 298.00 171.00 469.00 NOTE

Check Details

Version: 0.8.0
Check: installed package size
Result: NOTE
     installed size is 44.5Mb
     sub-directories of 1Mb or more:
     libs 44.1Mb
Flavors: r-devel-linux-x86_64-fedora-clang, r-devel-windows-x86_64-new-UL, r-devel-windows-x86_64-old, r-release-macos-arm64, r-release-macos-x86_64, r-release-windows-ix86+x86_64, r-oldrel-macos-x86_64, r-oldrel-windows-ix86+x86_64