CRAN Package Check Results for Package vindecodr

Last updated on 2021-07-25 07:50:22 CEST.

Flavor Version Tinstall Tcheck Ttotal Status Flags
r-devel-linux-x86_64-debian-clang 0.1.1 2.14 21.53 23.67 NOTE
r-devel-linux-x86_64-debian-gcc 0.1.1 1.55 17.26 18.81 NOTE
r-devel-linux-x86_64-fedora-clang 0.1.1 37.06 NOTE
r-devel-linux-x86_64-fedora-gcc 0.1.1 26.71 NOTE
r-devel-windows-x86_64 0.1.1 3.00 28.00 31.00 NOTE
r-devel-windows-x86_64-gcc10-UCRT 0.1.1 NOTE
r-patched-linux-x86_64 0.1.1 2.11 20.79 22.90 NOTE
r-patched-solaris-x86 0.1.1 42.70 NOTE
r-release-linux-x86_64 0.1.1 1.96 20.53 22.49 NOTE
r-release-macos-arm64 0.1.1 NOTE
r-release-macos-x86_64 0.1.1 NOTE
r-release-windows-ix86+x86_64 0.1.1 6.00 28.00 34.00 NOTE
r-oldrel-macos-x86_64 0.1.1 OK
r-oldrel-windows-ix86+x86_64 0.1.1 5.00 35.00 40.00 OK

Check Details

Version: 0.1.1
Check: LazyData
Result: NOTE
     'LazyData' is specified without a 'data' directory
Flavors: r-devel-linux-x86_64-debian-clang, r-devel-linux-x86_64-debian-gcc, r-devel-linux-x86_64-fedora-clang, r-devel-linux-x86_64-fedora-gcc, r-devel-windows-x86_64, r-devel-windows-x86_64-gcc10-UCRT, r-patched-linux-x86_64, r-patched-solaris-x86, r-release-linux-x86_64, r-release-macos-arm64, r-release-macos-x86_64, r-release-windows-ix86+x86_64